{"id":4645,"date":"2024-04-07T22:39:38","date_gmt":"2024-04-08T01:39:38","guid":{"rendered":"https:\/\/dev.redelucymontoro.org.br\/novo\/?page_id=4645"},"modified":"2024-09-13T09:40:01","modified_gmt":"2024-09-13T12:40:01","slug":"sorocaba","status":"publish","type":"page","link":"https:\/\/redelucymontoro.org.br\/site\/apresentacao\/interior\/sorocaba\/","title":{"rendered":"Sorocaba"},"content":{"rendered":"<div class=\"gb-container gb-container-0b384c2b\">\n<div class=\"gb-container gb-container-3c85d835\">\n\n<figure class=\"gb-block-image gb-block-image-157db20a\"><img decoding=\"async\" class=\"gb-image gb-image-157db20a\" src=\"https:\/\/redelucymontoro.org.br\/site\/wp-content\/uploads\/2015\/11\/Sorocaba-aac.jpg\"\/><\/figure>\n\n<\/div>\n\n<div class=\"gb-container gb-container-cf69fe2f\">\n\n<p><strong>Inaugura\u00e7\u00e3o:<\/strong>&nbsp;31 de mar\u00e7o de 2018<\/p>\n\n\n\n<p><strong>Institui\u00e7\u00e3o parceira<br><\/strong><a href=\"http:\/\/www.bos.org.br\/\" target=\"_blank\" rel=\"noreferrer noopener\">Bancos de Olhos Sorocaba<\/a><\/p>\n\n\n\n<p><strong>Informa\u00e7\u00f5es<br><\/strong>7h \u00e0s 19h<\/p>\n\n\n\n<p><strong>Programas Oferecidos<br><\/strong>Reabilita\u00e7\u00e3o Ambulatorial&nbsp;<\/p>\n\n\n\n<p><strong>Como receber o atendimento<br><\/strong>Paciente do Sistema \u00danico de Sa\u00fade SUS, conhe\u00e7a o&nbsp;<a href=\"https:\/\/www.redelucymontoro.org.br\/site\/processo-de-triagem-e-admissao-para-programa-de-reabilitacao.html\" target=\"_blank\" rel=\"noreferrer noopener\">processo de triagem<\/a>.<br><strong><br>Contatos<\/strong><br>(15) 3212-9150<\/p>\n\n\n\n<p><strong>Endere\u00e7o<\/strong><\/p>\n\n\n\n<iframe src=\"https:\/\/www.google.com\/maps\/embed?pb=!1m14!1m8!1m3!1d7317.294440505736!2d-47.459057!3d-23.509213!3m2!1i1024!2i768!4f13.1!3m3!1m2!1s0x94c58a90a6f15e65%3A0x1fbad3bfd5f0a433!2sR.%20Claudio%20Manoel%20da%20Costa%2C%20287%20-%20Jardim%20Vergueiro%2C%20Sorocaba%20-%20SP%2C%2018030-083%2C%20Brazil!5e0!3m2!1sen!2sus!4v1712540350302!5m2!1sen!2sus\" width=\"600\" height=\"450\" style=\"border:0;\" allowfullscreen=\"\" loading=\"lazy\" referrerpolicy=\"no-referrer-when-downgrade\"><\/iframe>\n\n<\/div>\n<\/div>","protected":false},"excerpt":{"rendered":"","protected":false},"author":2,"featured_media":0,"parent":4610,"menu_order":0,"comment_status":"closed","ping_status":"closed","template":"","meta":{"_acf_changed":false,"inline_featured_image":false,"footnotes":""},"categories":[],"tags":[],"class_list":["post-4645","page","type-page","status-publish"],"acf":[],"_links":{"self":[{"href":"https:\/\/redelucymontoro.org.br\/site\/wp-json\/wp\/v2\/pages\/4645","targetHints":{"allow":["GET"]}}],"collection":[{"href":"https:\/\/redelucymontoro.org.br\/site\/wp-json\/wp\/v2\/pages"}],"about":[{"href":"https:\/\/redelucymontoro.org.br\/site\/wp-json\/wp\/v2\/types\/page"}],"author":[{"embeddable":true,"href":"https:\/\/redelucymontoro.org.br\/site\/wp-json\/wp\/v2\/users\/2"}],"replies":[{"embeddable":true,"href":"https:\/\/redelucymontoro.org.br\/site\/wp-json\/wp\/v2\/comments?post=4645"}],"version-history":[{"count":3,"href":"https:\/\/redelucymontoro.org.br\/site\/wp-json\/wp\/v2\/pages\/4645\/revisions"}],"predecessor-version":[{"id":11326,"href":"https:\/\/redelucymontoro.org.br\/site\/wp-json\/wp\/v2\/pages\/4645\/revisions\/11326"}],"up":[{"embeddable":true,"href":"https:\/\/redelucymontoro.org.br\/site\/wp-json\/wp\/v2\/pages\/4610"}],"wp:attachment":[{"href":"https:\/\/redelucymontoro.org.br\/site\/wp-json\/wp\/v2\/media?parent=4645"}],"wp:term":[{"taxonomy":"category","embeddable":true,"href":"https:\/\/redelucymontoro.org.br\/site\/wp-json\/wp\/v2\/categories?post=4645"},{"taxonomy":"post_tag","embeddable":true,"href":"https:\/\/redelucymontoro.org.br\/site\/wp-json\/wp\/v2\/tags?post=4645"}],"curies":[{"name":"wp","href":"https:\/\/api.w.org\/{rel}","templated":true}]}}