{"id":4641,"date":"2024-04-07T22:35:39","date_gmt":"2024-04-08T01:35:39","guid":{"rendered":"https:\/\/dev.redelucymontoro.org.br\/novo\/?page_id=4641"},"modified":"2024-04-07T22:35:39","modified_gmt":"2024-04-08T01:35:39","slug":"sao-jose-dos-campos","status":"publish","type":"page","link":"https:\/\/redelucymontoro.org.br\/site\/apresentacao\/interior\/sao-jose-dos-campos\/","title":{"rendered":"S\u00e3o Jos\u00e9 dos Campos"},"content":{"rendered":"<div class=\"gb-container gb-container-0b384c2b\">\n<div class=\"gb-container gb-container-3c85d835\"><\/div>\n\n<div class=\"gb-container gb-container-cf69fe2f\">\n\n<p><strong>Inaugura\u00e7\u00e3o:<\/strong>\u00a017 de setembro de 2011<\/p>\n\n\n\n<p><strong>Institui\u00e7\u00e3o parceira<\/strong><br><a href=\"http:\/\/www.unifesp.br\/\" target=\"_blank\" rel=\"noreferrer noopener\">Universidade Federal de S\u00e3o Paulo &#8211; UNIFESP<\/a>\u00a0e\u00a0<a href=\"http:\/\/www.spdm.org.br\/\" target=\"_blank\" rel=\"noreferrer noopener\">Associa\u00e7\u00e3o Paulista para o Desenvolvimento da Medicina &#8211; SPDM<\/a><\/p>\n\n\n\n<p><strong>Programas Oferecidos<\/strong><br>Reabilita\u00e7\u00e3o Ambulatorial<\/p>\n\n\n\n<p><strong>Informa\u00e7\u00f5es<\/strong><br>De segunda a sexta-feira, das 7h00 \u00e0s 18h30.<\/p>\n\n\n\n<p><strong>Como Receber Atendimento<\/strong><br>O Departamento Regional de Sa\u00fade XVII\u2013 Taubat\u00e9 faz o encaminhamento de pacientes que necessitam de reabilita\u00e7\u00e3o via sistema Cross &#8211; ferramenta que permite a regula\u00e7\u00e3o de vagas para o sistema de sa\u00fade do Estado de S\u00e3o Paulo.<\/p>\n\n\n\n<p><strong>Contatos<\/strong><br>E-mail:\u00a0contato@lucymontoro.spdm.org.br<br>Telefone: (12) 2138-4800<\/p>\n\n\n\n<p><strong>Endere\u00e7o<\/strong><\/p>\n\n\n\n<iframe src=\"https:\/\/www.google.com\/maps\/embed?pb=!1m14!1m8!1m3!1d58683.5802198077!2d-45.856087!3d-23.18028!3m2!1i1024!2i768!4f13.1!3m3!1m2!1s0x94cc4bc7da5d9ed7%3A0x63d960e754d00fc5!2sR.%20Saigiro%20Nakamura%2C%20600%20-%20Vila%20Industrial%2C%20S%C3%A3o%20Jos%C3%A9%20dos%20Campos%20-%20SP%2C%2012220-280%2C%20Brazil!5e0!3m2!1sen!2sus!4v1712540129010!5m2!1sen!2sus\" width=\"600\" height=\"450\" style=\"border:0;\" allowfullscreen=\"\" loading=\"lazy\" referrerpolicy=\"no-referrer-when-downgrade\"><\/iframe>\n\n<\/div>\n<\/div>","protected":false},"excerpt":{"rendered":"","protected":false},"author":2,"featured_media":0,"parent":4610,"menu_order":0,"comment_status":"closed","ping_status":"closed","template":"","meta":{"_acf_changed":false,"inline_featured_image":false,"footnotes":""},"categories":[],"tags":[],"class_list":["post-4641","page","type-page","status-publish"],"acf":[],"_links":{"self":[{"href":"https:\/\/redelucymontoro.org.br\/site\/wp-json\/wp\/v2\/pages\/4641","targetHints":{"allow":["GET"]}}],"collection":[{"href":"https:\/\/redelucymontoro.org.br\/site\/wp-json\/wp\/v2\/pages"}],"about":[{"href":"https:\/\/redelucymontoro.org.br\/site\/wp-json\/wp\/v2\/types\/page"}],"author":[{"embeddable":true,"href":"https:\/\/redelucymontoro.org.br\/site\/wp-json\/wp\/v2\/users\/2"}],"replies":[{"embeddable":true,"href":"https:\/\/redelucymontoro.org.br\/site\/wp-json\/wp\/v2\/comments?post=4641"}],"version-history":[{"count":0,"href":"https:\/\/redelucymontoro.org.br\/site\/wp-json\/wp\/v2\/pages\/4641\/revisions"}],"up":[{"embeddable":true,"href":"https:\/\/redelucymontoro.org.br\/site\/wp-json\/wp\/v2\/pages\/4610"}],"wp:attachment":[{"href":"https:\/\/redelucymontoro.org.br\/site\/wp-json\/wp\/v2\/media?parent=4641"}],"wp:term":[{"taxonomy":"category","embeddable":true,"href":"https:\/\/redelucymontoro.org.br\/site\/wp-json\/wp\/v2\/categories?post=4641"},{"taxonomy":"post_tag","embeddable":true,"href":"https:\/\/redelucymontoro.org.br\/site\/wp-json\/wp\/v2\/tags?post=4641"}],"curies":[{"name":"wp","href":"https:\/\/api.w.org\/{rel}","templated":true}]}}

São José dos Campos

<div class="gb-container gb-container-0b384c2b">
<div class="gb-container gb-container-3c85d835"></div>

<div class="gb-container gb-container-cf69fe2f">

<p><strong>Inauguração:</strong> 17 de setembro de 2011</p>



<p><strong>Instituição parceira</strong><br><a href="http://www.unifesp.br/" target="_blank" rel="noreferrer noopener">Universidade Federal de São Paulo &#8211; UNIFESP</a> e <a href="http://www.spdm.org.br/" target="_blank" rel="noreferrer noopener">Associação Paulista para o Desenvolvimento da Medicina &#8211; SPDM</a></p>



<p><strong>Programas Oferecidos</strong><br>Reabilitação Ambulatorial</p>



<p><strong>Informações</strong><br>De segunda a sexta-feira, das 7h00 às 18h30.</p>



<p><strong>Como Receber Atendimento</strong><br>O Departamento Regional de Saúde XVII– Taubaté faz o encaminhamento de pacientes que necessitam de reabilitação via sistema Cross &#8211; ferramenta que permite a regulação de vagas para o sistema de saúde do Estado de São Paulo.</p>



<p><strong>Contatos</strong><br>E-mail: contato@lucymontoro.spdm.org.br<br>Telefone: (12) 2138-4800</p>



<p><strong>Endereço</strong></p>



<iframe src="https://www.google.com/maps/embed?pb=!1m14!1m8!1m3!1d58683.5802198077!2d-45.856087!3d-23.18028!3m2!1i1024!2i768!4f13.1!3m3!1m2!1s0x94cc4bc7da5d9ed7%3A0x63d960e754d00fc5!2sR.%20Saigiro%20Nakamura%2C%20600%20-%20Vila%20Industrial%2C%20S%C3%A3o%20Jos%C3%A9%20dos%20Campos%20-%20SP%2C%2012220-280%2C%20Brazil!5e0!3m2!1sen!2sus!4v1712540129010!5m2!1sen!2sus" width="600" height="450" style="border:0;" allowfullscreen="" loading="lazy" referrerpolicy="no-referrer-when-downgrade"></iframe>

</div>
</div>
