{"id":3526,"date":"2024-04-04T19:40:07","date_gmt":"2024-04-04T22:40:07","guid":{"rendered":"https:\/\/dev.redelucymontoro.org.br\/novo\/?page_id=3526"},"modified":"2024-06-04T18:28:07","modified_gmt":"2024-06-04T21:28:07","slug":"nutricao","status":"publish","type":"page","link":"https:\/\/redelucymontoro.org.br\/site\/reabilitacao\/composicao-da-equipe-de-reabilitacao\/nutricao\/","title":{"rendered":"Nutri\u00e7\u00e3o"},"content":{"rendered":"\n<p>Nutri\u00e7\u00e3o para uma nova jornada: O que faz o nutricionista na reabilita\u00e7\u00e3o?<\/p>\n\n\n\n<ul class=\"wp-block-list\">\n<li>A nutri\u00e7\u00e3o \u00e9 um pilar fundamental na reabilita\u00e7\u00e3o, ajudando nossos pacientes a melhorar sua sa\u00fade e autonomia.<\/li>\n\n\n\n<li>Nossa equipe de nutricionistas altamente qualificados trabalha em conjunto com nossos pacientes, para criar um<br>plano alimentar individualizado desempenhando um papel hol\u00edstico na reabilita\u00e7\u00e3o de pessoas com defici\u00eancia,<br>fornecendo suporte nutricional especializado para promover a sa\u00fade, o bem-estar, a preven\u00e7\u00e3o de novos agravos<br>\u00e0 sa\u00fade e melhor desempenho no processo de Reabilita\u00e7\u00e3o.<br><\/li>\n<\/ul>\n\n\n\n<p><strong>Nossos servi\u00e7os:<\/strong><\/p>\n\n\n\n<ul class=\"wp-block-list\">\n<li><strong>Avalia\u00e7\u00e3o nutricional:<\/strong><br><br>\n<ul class=\"wp-block-list\">\n<li>Realizamos uma avalia\u00e7\u00e3o detalhada do estado de sa\u00fade e nutricional, incluindo hist\u00f3rico alimentar,<br>exames laboratoriais, composi\u00e7\u00e3o corporal atrav\u00e9s da bioimped\u00e2ncia el\u00e9trica ou antropometria,<br>necessidades energ\u00e9ticas e proteicas, ingest\u00e3o de macro e micronutrientes e condi\u00e7\u00f5es cl\u00ednicas subjacentes.<br><\/li>\n<\/ul>\n<\/li>\n\n\n\n<li><strong>Plano alimentar personalizado:<\/strong><br><br>\n<ul class=\"wp-block-list\">\n<li>Criamos um plano alimentar que se adapta \u00e0s suas necessidades, levando em considera\u00e7\u00e3o sua condi\u00e7\u00e3o<br>cl\u00ednica, estilo de vida e prefer\u00eancias alimentares. Isso pode incluir ajustes na dieta para garantir a ingest\u00e3o<br>adequada de nutrientes essenciais, considerando quaisquer restri\u00e7\u00f5es alimentares ou comorbidades associadas.<\/li>\n<\/ul>\n<\/li>\n<\/ul>\n\n\n\n<ul class=\"wp-block-list\">\n<li><strong>Educa\u00e7\u00e3o nutricional:<\/strong><br><br>\n<ul class=\"wp-block-list\">\n<li>Fornecemos orienta\u00e7\u00f5es de educa\u00e7\u00e3o nutricional para que o paciente possa fazer escolhas alimentares<br>saud\u00e1veis e sustent\u00e1veis.<\/li>\n\n\n\n<li>Realizamos uma abordagem pr\u00e1tica e interativa, na nossa cozinha inclusiva, promovendo o desenvolvimento<br>e degusta\u00e7\u00e3o de receitas adaptadas para o controle de comorbidades e disfagia, bem como o manejo<br>da seletividade alimentar.&nbsp;<\/li>\n\n\n\n<li>Realizamos atividades culin\u00e1rias com o paciente como protagonista, o que contribui significativamente para<br>melhorar sua ades\u00e3o ao tratamento nutricional.&nbsp;<br><\/li>\n<\/ul>\n<\/li>\n\n\n\n<li><strong>Acompanhamento e monitoramento:<\/strong><br><br>\n<ul class=\"wp-block-list\">\n<li>Monitoramos&nbsp; regularmente o progresso do paciente e fornecemos aconselhamento nutricional cont\u00ednuo para garantir<br>que suas necessidades nutricionais sejam atendidas.&nbsp;<\/li>\n\n\n\n<li>Ajustamos seu plano alimentar conforme necess\u00e1rio para garantir o melhor resultado poss\u00edvel.<br><\/li>\n<\/ul>\n<\/li>\n\n\n\n<li><strong>Garantindo qualidade e seguran\u00e7a alimentar das refei\u00e7\u00f5es servidas:<\/strong><br><br>\n<ul class=\"wp-block-list\">\n<li><strong>Supervis\u00e3o rigorosa:<\/strong> Nossa equipe de nutricionistas supervisiona rigorosamente todos os aspectos da produ\u00e7\u00e3o<br>de refei\u00e7\u00f5es, desde a sele\u00e7\u00e3o dos ingredientes at\u00e9 a entrega final aos pacientes.<\/li>\n\n\n\n<li><strong>Controle de qualidade:<\/strong> Implementamos rigorosos procedimentos de controle de qualidade para garantir que todas<br>as refei\u00e7\u00f5es atendam aos mais altos padr\u00f5es de seguran\u00e7a e higiene alimentar.<\/li>\n\n\n\n<li><strong>An\u00e1lise de card\u00e1pios:<\/strong> Analisamos os card\u00e1pios para garantir que eles sejam nutricionalmente adequados e atendam<br>\u00e0s necessidades espec\u00edficas dos pacientes.<\/li>\n\n\n\n<li><strong>Acompanhamento da produ\u00e7\u00e3o:<\/strong> Acompanhamos de perto a produ\u00e7\u00e3o das refei\u00e7\u00f5es para garantir que as boas<br>pr\u00e1ticas de manipula\u00e7\u00e3o de alimentos sejam seguidas rigorosamente.<\/li>\n<\/ul>\n<\/li>\n<\/ul>\n\n\n\n<p><strong>Benef\u00edcios da nutri\u00e7\u00e3o na reabilita\u00e7\u00e3o:<\/strong><\/p>\n\n\n\n<ul class=\"wp-block-list\">\n<li><strong>Recupera\u00e7\u00e3o mais r\u00e1pida:<\/strong> A nutri\u00e7\u00e3o adequada fornece os nutrientes necess\u00e1rios para melhorar a composi\u00e7\u00e3o corporal e os<br>indicadores de sa\u00fade das pessoas em processo de reabilita\u00e7\u00e3o .<\/li>\n\n\n\n<li><strong>Redu\u00e7\u00e3o do risco de complica\u00e7\u00f5es:<\/strong> Uma dieta balanceada ajuda a prevenir infec\u00e7\u00f5es, \u00falceras por press\u00e3o e colabora<br>no controle das comorbidades mais comuns: Hipertens\u00e3o, dislipidemia, Diabetes, etc.<\/li>\n\n\n\n<li><strong>Melhora da qualidade de vida:<\/strong> A nutri\u00e7\u00e3o contribui para o aumento da energia, disposi\u00e7\u00e3o e bem-estar geral de adultos<br>e crian\u00e7as em reabilita\u00e7\u00e3o.<\/li>\n\n\n\n<li><strong>Refei\u00e7\u00f5es nutritivas e seguras:<\/strong> Os pacientes podem ter certeza de que est\u00e3o recebendo refei\u00e7\u00f5es nutritivas e seguras<br>que contribuem para sua recupera\u00e7\u00e3o.<\/li>\n\n\n\n<li><strong>Redu\u00e7\u00e3o do risco de doen\u00e7as transmitidas por alimentos<\/strong>: Os rigorosos procedimentos de controle de qualidade ajudam<br>a reduzir o risco de doen\u00e7as transmitidas por alimentos.<br><\/li>\n<\/ul>\n\n\n\n<p><strong>Nossos diferenciais:<\/strong><\/p>\n\n\n\n<ul class=\"wp-block-list\">\n<li><strong>Equipe experiente e especializada:<\/strong> Nossa equipe \u00e9 composta por nutricionistas com vasta experi\u00eancia em reabilita\u00e7\u00e3o,<br>garantindo um atendimento de excel\u00eancia.<\/li>\n<\/ul>\n","protected":false},"excerpt":{"rendered":"","protected":false},"author":2,"featured_media":9956,"parent":3397,"menu_order":0,"comment_status":"closed","ping_status":"closed","template":"","meta":{"_acf_changed":false,"inline_featured_image":false,"footnotes":""},"categories":[],"tags":[94,90],"class_list":{"0":"post-3526","1":"page","2":"type-page","3":"status-publish","4":"has-post-thumbnail","6":"tag-hero","7":"tag-narrow"},"acf":[],"_links":{"self":[{"href":"https:\/\/redelucymontoro.org.br\/site\/wp-json\/wp\/v2\/pages\/3526","targetHints":{"allow":["GET"]}}],"collection":[{"href":"https:\/\/redelucymontoro.org.br\/site\/wp-json\/wp\/v2\/pages"}],"about":[{"href":"https:\/\/redelucymontoro.org.br\/site\/wp-json\/wp\/v2\/types\/page"}],"author":[{"embeddable":true,"href":"https:\/\/redelucymontoro.org.br\/site\/wp-json\/wp\/v2\/users\/2"}],"replies":[{"embeddable":true,"href":"https:\/\/redelucymontoro.org.br\/site\/wp-json\/wp\/v2\/comments?post=3526"}],"version-history":[{"count":0,"href":"https:\/\/redelucymontoro.org.br\/site\/wp-json\/wp\/v2\/pages\/3526\/revisions"}],"up":[{"embeddable":true,"href":"https:\/\/redelucymontoro.org.br\/site\/wp-json\/wp\/v2\/pages\/3397"}],"wp:featuredmedia":[{"embeddable":true,"href":"https:\/\/redelucymontoro.org.br\/site\/wp-json\/wp\/v2\/media\/9956"}],"wp:attachment":[{"href":"https:\/\/redelucymontoro.org.br\/site\/wp-json\/wp\/v2\/media?parent=3526"}],"wp:term":[{"taxonomy":"category","embeddable":true,"href":"https:\/\/redelucymontoro.org.br\/site\/wp-json\/wp\/v2\/categories?post=3526"},{"taxonomy":"post_tag","embeddable":true,"href":"https:\/\/redelucymontoro.org.br\/site\/wp-json\/wp\/v2\/tags?post=3526"}],"curies":[{"name":"wp","href":"https:\/\/api.w.org\/{rel}","templated":true}]}}