{"id":3517,"date":"2024-04-04T19:37:53","date_gmt":"2024-04-04T22:37:53","guid":{"rendered":"https:\/\/dev.redelucymontoro.org.br\/novo\/?page_id=3517"},"modified":"2024-08-20T13:57:01","modified_gmt":"2024-08-20T16:57:01","slug":"fonoaudiologia","status":"publish","type":"page","link":"https:\/\/redelucymontoro.org.br\/site\/reabilitacao\/composicao-da-equipe-de-reabilitacao\/fonoaudiologia\/","title":{"rendered":"Fonoaudiologia"},"content":{"rendered":"\n<p>Atua com pacientes em conjunto com a equipe multidisciplinar no programa de reabilita\u00e7\u00e3o ambulatorial e em regime de interna\u00e7\u00e3o, que apresentam comprometimento da comunica\u00e7\u00e3o em seus diferentes graus e em suas diversas modalidades; disfun\u00e7\u00e3o de \u00f3rg\u00e3os fonoarticulat\u00f3rios, altera\u00e7\u00e3o no mecanismo da degluti\u00e7\u00e3o e nos aspectos vocais.<\/p>\n\n\n\n<p>O Fonoaudi\u00f3logo:<\/p>\n\n\n\n<ul class=\"wp-block-list\">\n<li>Avalia o paciente, elabora o planejamento terap\u00eautico com o objetivo de promover a ganhos e melhorias das demandas identificadas;<\/li>\n\n\n\n<li>Avalia a funcionalidade dos \u00f3rg\u00e3os fonoarticulat\u00f3rios e da m\u00edmica facial;<\/li>\n\n\n\n<li>Avalia todas as etapas da degluti\u00e7\u00e3o, e realiza as adapta\u00e7\u00f5es necess\u00e1rias para manter uma alimenta\u00e7\u00e3o segura;<\/li>\n\n\n\n<li>Em rela\u00e7\u00e3o \u00e0 linguagem, ap\u00f3s a avalia\u00e7\u00e3o, analisa de forma individual as estrat\u00e9gias que beneficiam os pacientes e se h\u00e1 indica\u00e7\u00e3o de comunica\u00e7\u00e3o suplementar\/alternativa, promovendo maior funcionalidade;<\/li>\n\n\n\n<li>Avalia as bases motoras da fala, verifica o impacto dessas altera\u00e7\u00f5es na inteligibilidade de fala e prop\u00f5e exerc\u00edcios para melhorar as altera\u00e7\u00f5es apresentadas, favorecendo a melhor compreens\u00e3o da fala;<\/li>\n\n\n\n<li>Promove orienta\u00e7\u00f5es \u00e0 fam\u00edlia\/cuidador com o objetivo de conscientizar quanto \u00e0s altera\u00e7\u00f5es apresentadas e os objetivos tra\u00e7ados para a reabilita\u00e7\u00e3o, e a import\u00e2ncia de seguir as orienta\u00e7\u00f5es no domic\u00edlio;<\/li>\n\n\n\n<li>Desenvolve e participa de estudos e eventos cient\u00edficos relacionados \u00e0 Fonoaudiologia em reabilita\u00e7\u00e3o.<\/li>\n<\/ul>\n","protected":false},"excerpt":{"rendered":"","protected":false},"author":2,"featured_media":9972,"parent":3397,"menu_order":0,"comment_status":"closed","ping_status":"closed","template":"","meta":{"_acf_changed":false,"inline_featured_image":false,"footnotes":""},"categories":[],"tags":[94,90],"class_list":{"0":"post-3517","1":"page","2":"type-page","3":"status-publish","4":"has-post-thumbnail","6":"tag-hero","7":"tag-narrow"},"acf":[],"_links":{"self":[{"href":"https:\/\/redelucymontoro.org.br\/site\/wp-json\/wp\/v2\/pages\/3517","targetHints":{"allow":["GET"]}}],"collection":[{"href":"https:\/\/redelucymontoro.org.br\/site\/wp-json\/wp\/v2\/pages"}],"about":[{"href":"https:\/\/redelucymontoro.org.br\/site\/wp-json\/wp\/v2\/types\/page"}],"author":[{"embeddable":true,"href":"https:\/\/redelucymontoro.org.br\/site\/wp-json\/wp\/v2\/users\/2"}],"replies":[{"embeddable":true,"href":"https:\/\/redelucymontoro.org.br\/site\/wp-json\/wp\/v2\/comments?post=3517"}],"version-history":[{"count":1,"href":"https:\/\/redelucymontoro.org.br\/site\/wp-json\/wp\/v2\/pages\/3517\/revisions"}],"predecessor-version":[{"id":11203,"href":"https:\/\/redelucymontoro.org.br\/site\/wp-json\/wp\/v2\/pages\/3517\/revisions\/11203"}],"up":[{"embeddable":true,"href":"https:\/\/redelucymontoro.org.br\/site\/wp-json\/wp\/v2\/pages\/3397"}],"wp:featuredmedia":[{"embeddable":true,"href":"https:\/\/redelucymontoro.org.br\/site\/wp-json\/wp\/v2\/media\/9972"}],"wp:attachment":[{"href":"https:\/\/redelucymontoro.org.br\/site\/wp-json\/wp\/v2\/media?parent=3517"}],"wp:term":[{"taxonomy":"category","embeddable":true,"href":"https:\/\/redelucymontoro.org.br\/site\/wp-json\/wp\/v2\/categories?post=3517"},{"taxonomy":"post_tag","embeddable":true,"href":"https:\/\/redelucymontoro.org.br\/site\/wp-json\/wp\/v2\/tags?post=3517"}],"curies":[{"name":"wp","href":"https:\/\/api.w.org\/{rel}","templated":true}]}}

<p>Atua com pacientes em conjunto com a equipe multidisciplinar no programa de reabilitação ambulatorial e em regime de internação, que apresentam comprometimento da comunicação em seus diferentes graus e em suas diversas modalidades; disfunção de órgãos fonoarticulatórios, alteração no mecanismo da deglutição e nos aspectos vocais.</p>



<p>O Fonoaudiólogo:</p>



<ul class="wp-block-list">
<li>Avalia o paciente, elabora o planejamento terapêutico com o objetivo de promover a ganhos e melhorias das demandas identificadas;</li>



<li>Avalia a funcionalidade dos órgãos fonoarticulatórios e da mímica facial;</li>



<li>Avalia todas as etapas da deglutição, e realiza as adaptações necessárias para manter uma alimentação segura;</li>



<li>Em relação à linguagem, após a avaliação, analisa de forma individual as estratégias que beneficiam os pacientes e se há indicação de comunicação suplementar/alternativa, promovendo maior funcionalidade;</li>



<li>Avalia as bases motoras da fala, verifica o impacto dessas alterações na inteligibilidade de fala e propõe exercícios para melhorar as alterações apresentadas, favorecendo a melhor compreensão da fala;</li>



<li>Promove orientações à família/cuidador com o objetivo de conscientizar quanto às alterações apresentadas e os objetivos traçados para a reabilitação, e a importância de seguir as orientações no domicílio;</li>



<li>Desenvolve e participa de estudos e eventos científicos relacionados à Fonoaudiologia em reabilitação.</li>
</ul>
