{"id":3513,"date":"2024-04-04T19:37:11","date_gmt":"2024-04-04T22:37:11","guid":{"rendered":"https:\/\/dev.redelucymontoro.org.br\/novo\/?page_id=3513"},"modified":"2024-06-12T15:22:05","modified_gmt":"2024-06-12T18:22:05","slug":"fisioterapia","status":"publish","type":"page","link":"https:\/\/redelucymontoro.org.br\/site\/reabilitacao\/composicao-da-equipe-de-reabilitacao\/fisioterapia\/","title":{"rendered":"Fisioterapia"},"content":{"rendered":"\n<div class=\"wp-block-media-text has-media-on-the-right is-stacked-on-mobile is-vertically-aligned-top media-text-rl\" style=\"grid-template-columns:auto 35%\"><div class=\"wp-block-media-text__content\">\n<p>O profissional fisioterapeuta comp\u00f5e a equipe multiprofissional de Reabilita\u00e7\u00e3o com objetivo de promover o m\u00e1ximo potencial f\u00edsico da pessoa com defici\u00eancia, propiciando uma melhor qualidade de vida. Presta atendimento aos pacientes em programa de reabilita\u00e7\u00e3o ambulatorial e em regime de interna\u00e7\u00e3o, voltado ao p\u00fablico adulto, adolescente e infantil.<\/p>\n\n\n\n<p>O atendimento fisioterap\u00eautico inicia-se com a avalia\u00e7\u00e3o, para que o programa dos atendimentos seja planejado e ent\u00e3o executado.<\/p>\n\n\n\n<p>Os&nbsp;atendimentos tem a finalidade de recuperar, desenvolver, capacitar e manter o potencial funcional do ponto de vista f\u00edsico e&nbsp;cardiorespirat\u00f3rio. O profissional utiliza-se de estrat\u00e9gias terap\u00eauticas para cada disfun\u00e7\u00e3o apresentada pelo paciente,&nbsp; aplicando m\u00e9todos e t\u00e9cnicas de tratamento, &nbsp;bem como o uso de equipamentos f\u00edsicos e eletrotermoterap\u00eauticos.<\/p>\n\n\n\n<p>O fisioterapeuta desenvolve os atendimentos fisioterap\u00eauticos \u00a0focando a \u00a0mobilidade corporal global, coordena\u00e7\u00e3o motora, equil\u00edbrio est\u00e1tico e din\u00e2mico, \u00a0marcha,\u00a0e\u00a0capacidade\u00a0\u00a0cardiopulmonar. O processo terap\u00eautico inclui a avalia\u00e7\u00e3o e adequa\u00e7\u00e3o de dispositivos e meios auxiliares de locomo\u00e7\u00e3o e o uso de cadeira de rodas em ambientes internos e externos.<\/p>\n\n\n\n<p>Concomitante ao atendimento centrado no paciente, desenvolve programas de orienta\u00e7\u00e3o \u00e0 fam\u00edlia, cuidadores e ao paciente, abrangendo cuidados preventivos, terap\u00eauticos, educativos e reabilitacionais.<\/p>\n<\/div><figure class=\"wp-block-media-text__media\"><img decoding=\"async\" src=\"https:\/\/redelucymontoro.org.br\/site\/wp-content\/uploads\/2015\/07\/composicao_fisioterapia_01-b5f.jpg\" alt=\"Fisioterapia\" class=\"wp-image-80 size-full\"\/><\/figure><\/div>\n","protected":false},"excerpt":{"rendered":"","protected":false},"author":2,"featured_media":0,"parent":3397,"menu_order":0,"comment_status":"closed","ping_status":"closed","template":"","meta":{"_acf_changed":false,"inline_featured_image":false,"footnotes":""},"categories":[],"tags":[],"class_list":["post-3513","page","type-page","status-publish"],"acf":[],"_links":{"self":[{"href":"https:\/\/redelucymontoro.org.br\/site\/wp-json\/wp\/v2\/pages\/3513","targetHints":{"allow":["GET"]}}],"collection":[{"href":"https:\/\/redelucymontoro.org.br\/site\/wp-json\/wp\/v2\/pages"}],"about":[{"href":"https:\/\/redelucymontoro.org.br\/site\/wp-json\/wp\/v2\/types\/page"}],"author":[{"embeddable":true,"href":"https:\/\/redelucymontoro.org.br\/site\/wp-json\/wp\/v2\/users\/2"}],"replies":[{"embeddable":true,"href":"https:\/\/redelucymontoro.org.br\/site\/wp-json\/wp\/v2\/comments?post=3513"}],"version-history":[{"count":0,"href":"https:\/\/redelucymontoro.org.br\/site\/wp-json\/wp\/v2\/pages\/3513\/revisions"}],"up":[{"embeddable":true,"href":"https:\/\/redelucymontoro.org.br\/site\/wp-json\/wp\/v2\/pages\/3397"}],"wp:attachment":[{"href":"https:\/\/redelucymontoro.org.br\/site\/wp-json\/wp\/v2\/media?parent=3513"}],"wp:term":[{"taxonomy":"category","embeddable":true,"href":"https:\/\/redelucymontoro.org.br\/site\/wp-json\/wp\/v2\/categories?post=3513"},{"taxonomy":"post_tag","embeddable":true,"href":"https:\/\/redelucymontoro.org.br\/site\/wp-json\/wp\/v2\/tags?post=3513"}],"curies":[{"name":"wp","href":"https:\/\/api.w.org\/{rel}","templated":true}]}}