{"id":3507,"date":"2024-04-04T19:35:23","date_gmt":"2024-04-04T22:35:23","guid":{"rendered":"https:\/\/dev.redelucymontoro.org.br\/novo\/?page_id=3507"},"modified":"2024-04-10T21:41:58","modified_gmt":"2024-04-11T00:41:58","slug":"enfermagem","status":"publish","type":"page","link":"https:\/\/redelucymontoro.org.br\/site\/reabilitacao\/composicao-da-equipe-de-reabilitacao\/enfermagem\/","title":{"rendered":"Enfermagem"},"content":{"rendered":"\n<div class=\"wp-block-media-text has-media-on-the-right is-stacked-on-mobile is-vertically-aligned-top media-text-rl\" style=\"grid-template-columns:auto 35%\"><div class=\"wp-block-media-text__content\">\n<p>O enfermeiro:<br><br>&#8211; planeja, executa e avalia a assist\u00eancia de&nbsp;enfermagem&nbsp;aos pacientes da institui\u00e7\u00e3o, nas diferentes fases de seu tratamento em programa de reabilita\u00e7\u00e3o ambulatorial e de interna\u00e7\u00e3o, por meio de consultas e atendimentos de&nbsp;enfermagem;<br><br>&#8211; desenvolve programas de educa\u00e7\u00e3o em sa\u00fade para os pacientes e familiares\/cuidadores abordando os aspectos de preven\u00e7\u00e3o de agravos \u00e0 sa\u00fade, promo\u00e7\u00e3o \u00e0 sa\u00fade e reabilita\u00e7\u00e3o e atividades relativas a doen\u00e7as cr\u00f4nico-degenerativas;<br><br>&#8211; desenvolve e participa de estudos e eventos cient\u00edficos relacionados \u00e0&nbsp;enfermagem&nbsp;em reabilita\u00e7\u00e3o.<br><br>Esse profissional identifica as restri\u00e7\u00f5es e limita\u00e7\u00f5es com impacto no autocuidado, com o objetivo de desenvolver programa de orienta\u00e7\u00e3o e treinamento para auxiliar o paciente a desenvolver habilidades na realiza\u00e7\u00e3o de atividades dessa natureza, em especial as de:<br><br>&#8211; preven\u00e7\u00e3o tanto de deformidades, por meio da postura adequada no leito, quanto das \u00falceras por press\u00e3o, por meio de cuidados com a pele;<br><br>&#8211; promo\u00e7\u00e3o na \u00e1rea de elimina\u00e7\u00e3o vesical e intestinal, por meio da reeduca\u00e7\u00e3o da bexiga e do intestino;<br><br>&#8211; manuten\u00e7\u00e3o do quadro cl\u00ednico, atrav\u00e9s do controle de sinais vitais e antropom\u00e9tricos e do controle e da orienta\u00e7\u00e3o do uso adequado das medica\u00e7\u00f5es.<\/p>\n<\/div><figure class=\"wp-block-media-text__media\"><img decoding=\"async\" src=\"https:\/\/redelucymontoro.org.br\/site\/wp-content\/uploads\/2015\/07\/composicao_enfermagem_01-6fc.jpg\" alt=\"Enfermagem\" class=\"wp-image-76 size-full\"\/><\/figure><\/div>\n","protected":false},"excerpt":{"rendered":"","protected":false},"author":2,"featured_media":0,"parent":3397,"menu_order":0,"comment_status":"closed","ping_status":"closed","template":"","meta":{"_acf_changed":false,"inline_featured_image":false,"footnotes":""},"categories":[],"tags":[],"class_list":["post-3507","page","type-page","status-publish"],"acf":[],"_links":{"self":[{"href":"https:\/\/redelucymontoro.org.br\/site\/wp-json\/wp\/v2\/pages\/3507","targetHints":{"allow":["GET"]}}],"collection":[{"href":"https:\/\/redelucymontoro.org.br\/site\/wp-json\/wp\/v2\/pages"}],"about":[{"href":"https:\/\/redelucymontoro.org.br\/site\/wp-json\/wp\/v2\/types\/page"}],"author":[{"embeddable":true,"href":"https:\/\/redelucymontoro.org.br\/site\/wp-json\/wp\/v2\/users\/2"}],"replies":[{"embeddable":true,"href":"https:\/\/redelucymontoro.org.br\/site\/wp-json\/wp\/v2\/comments?post=3507"}],"version-history":[{"count":0,"href":"https:\/\/redelucymontoro.org.br\/site\/wp-json\/wp\/v2\/pages\/3507\/revisions"}],"up":[{"embeddable":true,"href":"https:\/\/redelucymontoro.org.br\/site\/wp-json\/wp\/v2\/pages\/3397"}],"wp:attachment":[{"href":"https:\/\/redelucymontoro.org.br\/site\/wp-json\/wp\/v2\/media?parent=3507"}],"wp:term":[{"taxonomy":"category","embeddable":true,"href":"https:\/\/redelucymontoro.org.br\/site\/wp-json\/wp\/v2\/categories?post=3507"},{"taxonomy":"post_tag","embeddable":true,"href":"https:\/\/redelucymontoro.org.br\/site\/wp-json\/wp\/v2\/tags?post=3507"}],"curies":[{"name":"wp","href":"https:\/\/api.w.org\/{rel}","templated":true}]}}

<div class="wp-block-media-text has-media-on-the-right is-stacked-on-mobile is-vertically-aligned-top media-text-rl" style="grid-template-columns:auto 35%"><div class="wp-block-media-text__content">
<p>O enfermeiro:<br><br>&#8211; planeja, executa e avalia a assistência de&nbsp;enfermagem&nbsp;aos pacientes da instituição, nas diferentes fases de seu tratamento em programa de reabilitação ambulatorial e de internação, por meio de consultas e atendimentos de&nbsp;enfermagem;<br><br>&#8211; desenvolve programas de educação em saúde para os pacientes e familiares/cuidadores abordando os aspectos de prevenção de agravos à saúde, promoção à saúde e reabilitação e atividades relativas a doenças crônico-degenerativas;<br><br>&#8211; desenvolve e participa de estudos e eventos científicos relacionados à&nbsp;enfermagem&nbsp;em reabilitação.<br><br>Esse profissional identifica as restrições e limitações com impacto no autocuidado, com o objetivo de desenvolver programa de orientação e treinamento para auxiliar o paciente a desenvolver habilidades na realização de atividades dessa natureza, em especial as de:<br><br>&#8211; prevenção tanto de deformidades, por meio da postura adequada no leito, quanto das úlceras por pressão, por meio de cuidados com a pele;<br><br>&#8211; promoção na área de eliminação vesical e intestinal, por meio da reeducação da bexiga e do intestino;<br><br>&#8211; manutenção do quadro clínico, através do controle de sinais vitais e antropométricos e do controle e da orientação do uso adequado das medicações.</p>
</div><figure class="wp-block-media-text__media"><img decoding="async" src="https://redelucymontoro.org.br/site/wp-content/uploads/2015/07/composicao_enfermagem_01-6fc.jpg" alt="Enfermagem" class="wp-image-76 size-full"/></figure></div>
