{"id":3474,"date":"2024-04-04T19:19:17","date_gmt":"2024-04-04T22:19:17","guid":{"rendered":"https:\/\/dev.redelucymontoro.org.br\/novo\/?page_id=3474"},"modified":"2024-04-24T22:50:35","modified_gmt":"2024-04-25T01:50:35","slug":"imprensa","status":"publish","type":"page","link":"https:\/\/redelucymontoro.org.br\/site\/imprensa\/","title":{"rendered":"Imprensa"},"content":{"rendered":"\n<p class=\"gb-headline gb-headline-880099ae gb-headline-text headline-4\">Para contatar a \u00e1rea:<\/p>\n\n\n\n<p>Envie email para <a href=\"mailto:imprensa@redelucymontoro.org.br\">imprensa@redelucymontoro.org.br<\/a> ou ligue para <a href=\"https:\/\/wa.me\/551151807982\">(11) 5180-7982<\/a>.<\/p>\n\n\n\n<hr class=\"wp-block-separator has-alpha-channel-opacity\"\/>\n\n\n\n<h2 class=\"gb-headline gb-headline-51aadf23 gb-headline-text\">Lucy na m\u00eddia<\/h2>\n\n\n\n<div class=\"gb-grid-wrapper gb-grid-wrapper-d7e2cfe0 gb-query-loop-wrapper\">\n<div class=\"gb-grid-column gb-grid-column-1993827f gb-query-loop-item post-12457 post type-post status-publish format-standard hentry category-imprensa category-lucy-na-midia\"><div class=\"gb-container gb-container-1993827f\">\n<h2 class=\"gb-headline gb-headline-ee5f302f lu-link-1 headline-5 gb-headline-text\"><a href=\"https:\/\/redelucymontoro.org.br\/site\/rede-lucy-montoro-em-destaque-no-mesinha-do-sp2-da-tv-globo\/\">Rede Lucy Montoro em destaque no Mesinha do SP2 da TV Globo<\/a><\/h2>\n\n<p class=\"gb-headline gb-headline-f5f25553 gb-headline-text\"><time class=\"entry-date published\" datetime=\"2025-10-21T11:41:06-03:00\">21\/10\/2025<\/time><\/p>\n<\/div><\/div>\n\n<div class=\"gb-grid-column gb-grid-column-1993827f gb-query-loop-item post-12454 post type-post status-publish format-standard hentry category-imprensa category-lucy-na-midia\"><div class=\"gb-container gb-container-1993827f\">\n<h2 class=\"gb-headline gb-headline-ee5f302f lu-link-1 headline-5 gb-headline-text\"><a href=\"https:\/\/redelucymontoro.org.br\/site\/jornal-da-record-fala-sobre-os-beneficios-do-exoesqueleto-infantil-confira\/\">Jornal da Record fala sobre os benef\u00edcios do exoesqueleto infantil &#8211; Confira!<\/a><\/h2>\n\n<p class=\"gb-headline gb-headline-f5f25553 gb-headline-text\"><time class=\"entry-date published\" datetime=\"2025-10-20T09:07:42-03:00\">20\/10\/2025<\/time><\/p>\n<\/div><\/div>\n\n<div class=\"gb-grid-column gb-grid-column-1993827f gb-query-loop-item post-12382 post type-post status-publish format-standard hentry category-imprensa category-lucy-na-midia\"><div class=\"gb-container gb-container-1993827f\">\n<h2 class=\"gb-headline gb-headline-ee5f302f lu-link-1 headline-5 gb-headline-text\"><a href=\"https:\/\/redelucymontoro.org.br\/site\/reportagem-sobre-a-semana-nacional-de-transito-jornal-bom-dia-brasil-tv-globo\/\">Reportagem Sobre a Semana Nacional de Tr\u00e2nsito &#8211; Jornal Bom Dia Brasil (TV Globo)<\/a><\/h2>\n\n<p class=\"gb-headline gb-headline-f5f25553 gb-headline-text\"><time class=\"entry-date published\" datetime=\"2025-09-22T15:05:19-03:00\">22\/09\/2025<\/time><\/p>\n<\/div><\/div>\n\n<div class=\"gb-grid-column gb-grid-column-1993827f gb-query-loop-item post-12372 post type-post status-publish format-standard hentry category-imprensa category-lucy-na-midia\"><div class=\"gb-container gb-container-1993827f\">\n<h2 class=\"gb-headline gb-headline-ee5f302f lu-link-1 headline-5 gb-headline-text\"><a href=\"https:\/\/redelucymontoro.org.br\/site\/reportagem-sobre-o-dia-do-profissional-de-educacao-fisica-boa-vontade-tv\/\">Reportagem Sobre o Dia do Profissional de Educa\u00e7\u00e3o F\u00edsica &#8211; Boa Vontade TV<\/a><\/h2>\n\n<p class=\"gb-headline gb-headline-f5f25553 gb-headline-text\"><time class=\"entry-date published\" datetime=\"2025-09-11T08:53:38-03:00\">11\/09\/2025<\/time><\/p>\n<\/div><\/div>\n\n<div class=\"gb-grid-column gb-grid-column-1993827f gb-query-loop-item post-12370 post type-post status-publish format-standard hentry category-imprensa category-lucy-na-midia\"><div class=\"gb-container gb-container-1993827f\">\n<h2 class=\"gb-headline gb-headline-ee5f302f lu-link-1 headline-5 gb-headline-text\"><a href=\"https:\/\/redelucymontoro.org.br\/site\/paciente-do-imrea-rede-lucy-montoro-retoma-o-sonho-de-estudar-medicina-e-participa-do-programa-hoje-em-dia-da-tv-record\/\">Paciente do IMREA &#8211; Rede Lucy Montoro Retoma o Sonho de Estudar Medicina e Participa do Programa Hoje em Dia da TV Record<\/a><\/h2>\n\n<p class=\"gb-headline gb-headline-f5f25553 gb-headline-text\"><time class=\"entry-date published\" datetime=\"2025-09-08T08:50:40-03:00\">08\/09\/2025<\/time><\/p>\n<\/div><\/div>\n\n<div class=\"gb-grid-column gb-grid-column-1993827f gb-query-loop-item post-12365 post type-post status-publish format-standard hentry category-imprensa category-lucy-na-midia\"><div class=\"gb-container gb-container-1993827f\">\n<h2 class=\"gb-headline gb-headline-ee5f302f lu-link-1 headline-5 gb-headline-text\"><a href=\"https:\/\/redelucymontoro.org.br\/site\/tv-globo-aborda-acidentes-com-patinetes-eletricos\/\">TV Globo Aborda Acidentes com Patinetes El\u00e9tricos<\/a><\/h2>\n\n<p class=\"gb-headline gb-headline-f5f25553 gb-headline-text\"><time class=\"entry-date published\" datetime=\"2025-09-02T09:27:42-03:00\">02\/09\/2025<\/time><\/p>\n<\/div><\/div>\n\n<div class=\"gb-grid-column gb-grid-column-1993827f gb-query-loop-item post-12248 post type-post status-publish format-standard hentry category-imprensa category-lucy-na-midia\"><div class=\"gb-container gb-container-1993827f\">\n<h2 class=\"gb-headline gb-headline-ee5f302f lu-link-1 headline-5 gb-headline-text\"><a href=\"https:\/\/redelucymontoro.org.br\/site\/participacao-da-profa-linamara-rizzo-battistella-no-programa-viver-melhor-da-bandnews\/\">Participa\u00e7\u00e3o da Profa. Linamara Rizzo Battistella no Programa Viver Melhor da BandNews<\/a><\/h2>\n\n<p class=\"gb-headline gb-headline-f5f25553 gb-headline-text\"><time class=\"entry-date published\" datetime=\"2025-08-08T08:42:39-03:00\">08\/08\/2025<\/time><\/p>\n<\/div><\/div>\n\n<div class=\"gb-grid-column gb-grid-column-1993827f gb-query-loop-item post-12233 post type-post status-publish format-standard hentry category-imprensa category-lucy-na-midia\"><div class=\"gb-container gb-container-1993827f\">\n<h2 class=\"gb-headline gb-headline-ee5f302f lu-link-1 headline-5 gb-headline-text\"><a href=\"https:\/\/redelucymontoro.org.br\/site\/mini-documentario-especial-os-riscos-no-transito-para-entregadores-de-aplicativo-com-entrevista-da-profa-linamara-rizzo-battistella\/\">Mini Document\u00e1rio Especial &#8211; Os Riscos no Tr\u00e2nsito para Entregadores de Aplicativo com Entrevista da Profa. Linamara Rizzo Battistella<\/a><\/h2>\n\n<p class=\"gb-headline gb-headline-f5f25553 gb-headline-text\"><time class=\"entry-date published\" datetime=\"2025-08-04T09:44:28-03:00\">04\/08\/2025<\/time><\/p>\n<\/div><\/div>\n\n<div class=\"gb-grid-column gb-grid-column-1993827f gb-query-loop-item post-12231 post type-post status-publish format-standard hentry category-imprensa category-lucy-na-midia\"><div class=\"gb-container gb-container-1993827f\">\n<h2 class=\"gb-headline gb-headline-ee5f302f lu-link-1 headline-5 gb-headline-text\"><a href=\"https:\/\/redelucymontoro.org.br\/site\/reportagem-especial-do-jornal-metropoles-riscos-da-gamificacao-para-entregadores-de-aplicativo-com-entrevista-da-profa-linamara-rizzo-battistella\/\">Reportagem Especial do Jornal Metr\u00f3poles &#8211; Riscos da Gamifica\u00e7\u00e3o para Entregadores de Aplicativo com Entrevista da Profa. Linamara Rizzo Battistella<\/a><\/h2>\n\n<p class=\"gb-headline gb-headline-f5f25553 gb-headline-text\"><time class=\"entry-date published\" datetime=\"2025-08-04T09:42:13-03:00\">04\/08\/2025<\/time><\/p>\n<\/div><\/div>\n\n<div class=\"gb-grid-column gb-grid-column-1993827f gb-query-loop-item post-12076 post type-post status-publish format-standard hentry category-imprensa category-lucy-na-midia\"><div class=\"gb-container gb-container-1993827f\">\n<h2 class=\"gb-headline gb-headline-ee5f302f lu-link-1 headline-5 gb-headline-text\"><a href=\"https:\/\/redelucymontoro.org.br\/site\/reportagem-do-jornal-sp1-da-tv-globo-sobre-os-50-anos-do-imrea\/\">Reportagem do jornal SP1 da TV Globo sobre os 50 anos do IMREA<\/a><\/h2>\n\n<p class=\"gb-headline gb-headline-f5f25553 gb-headline-text\"><time class=\"entry-date published\" datetime=\"2025-06-11T08:55:31-03:00\">11\/06\/2025<\/time><\/p>\n<\/div><\/div>\n<\/div>\n\n\n\n<div style=\"height:40px\" aria-hidden=\"true\" class=\"wp-block-spacer\"><\/div>\n\n\n\n<p><a href=\"https:\/\/redelucymontoro.org.br\/site\/categoria\/imprensa\/\"><strong>TODOS OS ARTIGOS<\/strong><\/a><\/p>\n","protected":false},"excerpt":{"rendered":"","protected":false},"author":2,"featured_media":0,"parent":0,"menu_order":0,"comment_status":"closed","ping_status":"closed","template":"","meta":{"_acf_changed":false,"inline_featured_image":false,"footnotes":""},"categories":[],"tags":[],"class_list":["post-3474","page","type-page","status-publish"],"acf":[],"_links":{"self":[{"href":"https:\/\/redelucymontoro.org.br\/site\/wp-json\/wp\/v2\/pages\/3474","targetHints":{"allow":["GET"]}}],"collection":[{"href":"https:\/\/redelucymontoro.org.br\/site\/wp-json\/wp\/v2\/pages"}],"about":[{"href":"https:\/\/redelucymontoro.org.br\/site\/wp-json\/wp\/v2\/types\/page"}],"author":[{"embeddable":true,"href":"https:\/\/redelucymontoro.org.br\/site\/wp-json\/wp\/v2\/users\/2"}],"replies":[{"embeddable":true,"href":"https:\/\/redelucymontoro.org.br\/site\/wp-json\/wp\/v2\/comments?post=3474"}],"version-history":[{"count":0,"href":"https:\/\/redelucymontoro.org.br\/site\/wp-json\/wp\/v2\/pages\/3474\/revisions"}],"wp:attachment":[{"href":"https:\/\/redelucymontoro.org.br\/site\/wp-json\/wp\/v2\/media?parent=3474"}],"wp:term":[{"taxonomy":"category","embeddable":true,"href":"https:\/\/redelucymontoro.org.br\/site\/wp-json\/wp\/v2\/categories?post=3474"},{"taxonomy":"post_tag","embeddable":true,"href":"https:\/\/redelucymontoro.org.br\/site\/wp-json\/wp\/v2\/tags?post=3474"}],"curies":[{"name":"wp","href":"https:\/\/api.w.org\/{rel}","templated":true}]}}

<p class="gb-headline gb-headline-880099ae gb-headline-text headline-4">Para contatar a área:</p>



<p>Envie email para <a href="mailto:imprensa@redelucymontoro.org.br">imprensa@redelucymontoro.org.br</a> ou ligue para <a href="https://wa.me/551151807982">(11) 5180-7982</a>.</p>



<hr class="wp-block-separator has-alpha-channel-opacity"/>



<h2 class="gb-headline gb-headline-51aadf23 gb-headline-text">Lucy na mídia</h2>



<div class="gb-grid-wrapper gb-grid-wrapper-d7e2cfe0 gb-query-loop-wrapper">
<div class="gb-grid-column gb-grid-column-1993827f gb-query-loop-item post-12457 post type-post status-publish format-standard hentry category-imprensa category-lucy-na-midia"><div class="gb-container gb-container-1993827f">
<h2 class="gb-headline gb-headline-ee5f302f lu-link-1 headline-5 gb-headline-text"><a href="https://redelucymontoro.org.br/site/rede-lucy-montoro-em-destaque-no-mesinha-do-sp2-da-tv-globo/">Rede Lucy Montoro em destaque no Mesinha do SP2 da TV Globo</a></h2>

<p class="gb-headline gb-headline-f5f25553 gb-headline-text"><time class="entry-date published" datetime="2025-10-21T11:41:06-03:00">21/10/2025</time></p>
</div></div>

<div class="gb-grid-column gb-grid-column-1993827f gb-query-loop-item post-12454 post type-post status-publish format-standard hentry category-imprensa category-lucy-na-midia"><div class="gb-container gb-container-1993827f">
<h2 class="gb-headline gb-headline-ee5f302f lu-link-1 headline-5 gb-headline-text"><a href="https://redelucymontoro.org.br/site/jornal-da-record-fala-sobre-os-beneficios-do-exoesqueleto-infantil-confira/">Jornal da Record fala sobre os benefícios do exoesqueleto infantil &#8211; Confira!</a></h2>

<p class="gb-headline gb-headline-f5f25553 gb-headline-text"><time class="entry-date published" datetime="2025-10-20T09:07:42-03:00">20/10/2025</time></p>
</div></div>

<div class="gb-grid-column gb-grid-column-1993827f gb-query-loop-item post-12382 post type-post status-publish format-standard hentry category-imprensa category-lucy-na-midia"><div class="gb-container gb-container-1993827f">
<h2 class="gb-headline gb-headline-ee5f302f lu-link-1 headline-5 gb-headline-text"><a href="https://redelucymontoro.org.br/site/reportagem-sobre-a-semana-nacional-de-transito-jornal-bom-dia-brasil-tv-globo/">Reportagem Sobre a Semana Nacional de Trânsito &#8211; Jornal Bom Dia Brasil (TV Globo)</a></h2>

<p class="gb-headline gb-headline-f5f25553 gb-headline-text"><time class="entry-date published" datetime="2025-09-22T15:05:19-03:00">22/09/2025</time></p>
</div></div>

<div class="gb-grid-column gb-grid-column-1993827f gb-query-loop-item post-12372 post type-post status-publish format-standard hentry category-imprensa category-lucy-na-midia"><div class="gb-container gb-container-1993827f">
<h2 class="gb-headline gb-headline-ee5f302f lu-link-1 headline-5 gb-headline-text"><a href="https://redelucymontoro.org.br/site/reportagem-sobre-o-dia-do-profissional-de-educacao-fisica-boa-vontade-tv/">Reportagem Sobre o Dia do Profissional de Educação Física &#8211; Boa Vontade TV</a></h2>

<p class="gb-headline gb-headline-f5f25553 gb-headline-text"><time class="entry-date published" datetime="2025-09-11T08:53:38-03:00">11/09/2025</time></p>
</div></div>

<div class="gb-grid-column gb-grid-column-1993827f gb-query-loop-item post-12370 post type-post status-publish format-standard hentry category-imprensa category-lucy-na-midia"><div class="gb-container gb-container-1993827f">
<h2 class="gb-headline gb-headline-ee5f302f lu-link-1 headline-5 gb-headline-text"><a href="https://redelucymontoro.org.br/site/paciente-do-imrea-rede-lucy-montoro-retoma-o-sonho-de-estudar-medicina-e-participa-do-programa-hoje-em-dia-da-tv-record/">Paciente do IMREA &#8211; Rede Lucy Montoro Retoma o Sonho de Estudar Medicina e Participa do Programa Hoje em Dia da TV Record</a></h2>

<p class="gb-headline gb-headline-f5f25553 gb-headline-text"><time class="entry-date published" datetime="2025-09-08T08:50:40-03:00">08/09/2025</time></p>
</div></div>

<div class="gb-grid-column gb-grid-column-1993827f gb-query-loop-item post-12365 post type-post status-publish format-standard hentry category-imprensa category-lucy-na-midia"><div class="gb-container gb-container-1993827f">
<h2 class="gb-headline gb-headline-ee5f302f lu-link-1 headline-5 gb-headline-text"><a href="https://redelucymontoro.org.br/site/tv-globo-aborda-acidentes-com-patinetes-eletricos/">TV Globo Aborda Acidentes com Patinetes Elétricos</a></h2>

<p class="gb-headline gb-headline-f5f25553 gb-headline-text"><time class="entry-date published" datetime="2025-09-02T09:27:42-03:00">02/09/2025</time></p>
</div></div>

<div class="gb-grid-column gb-grid-column-1993827f gb-query-loop-item post-12248 post type-post status-publish format-standard hentry category-imprensa category-lucy-na-midia"><div class="gb-container gb-container-1993827f">
<h2 class="gb-headline gb-headline-ee5f302f lu-link-1 headline-5 gb-headline-text"><a href="https://redelucymontoro.org.br/site/participacao-da-profa-linamara-rizzo-battistella-no-programa-viver-melhor-da-bandnews/">Participação da Profa. Linamara Rizzo Battistella no Programa Viver Melhor da BandNews</a></h2>

<p class="gb-headline gb-headline-f5f25553 gb-headline-text"><time class="entry-date published" datetime="2025-08-08T08:42:39-03:00">08/08/2025</time></p>
</div></div>

<div class="gb-grid-column gb-grid-column-1993827f gb-query-loop-item post-12233 post type-post status-publish format-standard hentry category-imprensa category-lucy-na-midia"><div class="gb-container gb-container-1993827f">
<h2 class="gb-headline gb-headline-ee5f302f lu-link-1 headline-5 gb-headline-text"><a href="https://redelucymontoro.org.br/site/mini-documentario-especial-os-riscos-no-transito-para-entregadores-de-aplicativo-com-entrevista-da-profa-linamara-rizzo-battistella/">Mini Documentário Especial &#8211; Os Riscos no Trânsito para Entregadores de Aplicativo com Entrevista da Profa. Linamara Rizzo Battistella</a></h2>

<p class="gb-headline gb-headline-f5f25553 gb-headline-text"><time class="entry-date published" datetime="2025-08-04T09:44:28-03:00">04/08/2025</time></p>
</div></div>

<div class="gb-grid-column gb-grid-column-1993827f gb-query-loop-item post-12231 post type-post status-publish format-standard hentry category-imprensa category-lucy-na-midia"><div class="gb-container gb-container-1993827f">
<h2 class="gb-headline gb-headline-ee5f302f lu-link-1 headline-5 gb-headline-text"><a href="https://redelucymontoro.org.br/site/reportagem-especial-do-jornal-metropoles-riscos-da-gamificacao-para-entregadores-de-aplicativo-com-entrevista-da-profa-linamara-rizzo-battistella/">Reportagem Especial do Jornal Metrópoles &#8211; Riscos da Gamificação para Entregadores de Aplicativo com Entrevista da Profa. Linamara Rizzo Battistella</a></h2>

<p class="gb-headline gb-headline-f5f25553 gb-headline-text"><time class="entry-date published" datetime="2025-08-04T09:42:13-03:00">04/08/2025</time></p>
</div></div>

<div class="gb-grid-column gb-grid-column-1993827f gb-query-loop-item post-12076 post type-post status-publish format-standard hentry category-imprensa category-lucy-na-midia"><div class="gb-container gb-container-1993827f">
<h2 class="gb-headline gb-headline-ee5f302f lu-link-1 headline-5 gb-headline-text"><a href="https://redelucymontoro.org.br/site/reportagem-do-jornal-sp1-da-tv-globo-sobre-os-50-anos-do-imrea/">Reportagem do jornal SP1 da TV Globo sobre os 50 anos do IMREA</a></h2>

<p class="gb-headline gb-headline-f5f25553 gb-headline-text"><time class="entry-date published" datetime="2025-06-11T08:55:31-03:00">11/06/2025</time></p>
</div></div>
</div>



<div style="height:40px" aria-hidden="true" class="wp-block-spacer"></div>



<p><a href="https://redelucymontoro.org.br/site/categoria/imprensa/"><strong>TODOS OS ARTIGOS</strong></a></p>
