{"id":3327,"date":"2024-04-04T12:27:16","date_gmt":"2024-04-04T15:27:16","guid":{"rendered":"https:\/\/dev.redelucymontoro.org.br\/novo\/?page_id=3327"},"modified":"2024-06-12T09:49:15","modified_gmt":"2024-06-12T12:49:15","slug":"imrea-umarizal","status":"publish","type":"page","link":"https:\/\/redelucymontoro.org.br\/site\/imrea\/unidades-imrea\/imrea-umarizal\/","title":{"rendered":"IMREA Umarizal"},"content":{"rendered":"<div class=\"gb-container gb-container-0b384c2b\">\n<div class=\"gb-container gb-container-3c85d835\">\n\n<figure class=\"gb-block-image gb-block-image-6e4d52ba\"><img fetchpriority=\"high\" decoding=\"async\" width=\"800\" height=\"489\" class=\"gb-image gb-image-6e4d52ba\" src=\"https:\/\/redelucymontoro.org.br\/site\/wp-content\/uploads\/2024\/06\/IMREA-Umarizal_001.jpg\" alt=\"IMREA Unidade Umarizal\" title=\"IMREA-Umarizal_001\" srcset=\"https:\/\/redelucymontoro.org.br\/site\/wp-content\/uploads\/2024\/06\/IMREA-Umarizal_001.jpg 800w, https:\/\/redelucymontoro.org.br\/site\/wp-content\/uploads\/2024\/06\/IMREA-Umarizal_001-300x183.jpg 300w, https:\/\/redelucymontoro.org.br\/site\/wp-content\/uploads\/2024\/06\/IMREA-Umarizal_001-768x469.jpg 768w\" sizes=\"(max-width: 800px) 100vw, 800px\" \/><\/figure>\n\n<\/div>\n\n<div class=\"gb-container gb-container-cf69fe2f\">\n\n<p><strong>Inaugura\u00e7\u00e3o:<\/strong> 25 de agosto de 2001 (nome oficial:&nbsp;Centro de Reabilita\u00e7\u00e3o Umarizal)<br><br><strong>Institui\u00e7\u00e3o parceira<\/strong><br><a href=\"http:\/\/www.hc.fm.usp.br\" target=\"_blank\" rel=\"noreferrer noopener\">Hospital das Cl\u00ednicas da Faculdade de Medicina da Universidade de S\u00e3o Paulo \u2013 HCFMUSP<\/a><\/p>\n\n\n\n<p><strong>Programas Oferecidos<\/strong><br>Reabilita\u00e7\u00e3o Ambulatorial:<br><br><em>Les\u00e3o Encef\u00e1lica (Sequelas de AVC\/AVE e Traumatismo craniano)<\/em><br><em>Amputa\u00e7\u00e3o (membros superiores e inferiores)<\/em><br><em>Les\u00e3o Medular (paraplegia e tetraplegia)<\/em><br><em>Geral (s\u00edndromes neurol\u00f3gicas paral\u00edticas e outras doen\u00e7as neurol\u00f3gicas, ortop\u00e9dicas e reumatol\u00f3gicas)<\/em><br><em>Infantil (paralisia cerebral e atraso do desenvolvimento neuropsicomotor)<\/em><br><em>Patologias musculoesquel\u00e9ticas<\/em><\/p>\n\n\n\n<p><strong>Hor\u00e1rios de Atendimento<\/strong><br>Segunda a sexta-feira, das 8h \u00e0s 18h<\/p>\n\n\n\n<p><strong>Como Receber Atendimento<br><\/strong>Ambulat\u00f3rio para reabilita\u00e7\u00e3o de pacientes do Sistema \u00danico de Sa\u00fade (SUS).&nbsp;<a href=\"https:\/\/redelucymontoro.org.br\/site\/reabilitacao\/processo-de-triagem-e-admissao-para-programa-de-reabilitacao\/\" data-type=\"page\" data-id=\"3390\">Clique aqui para saber mais!&nbsp;<\/a><\/p>\n\n\n\n<p><strong>Contatos<\/strong><br>Telefone: (11) 2392-2600<\/p>\n\n\n\n<p><strong>Endere\u00e7o<\/strong><br>Rua Guaramemb\u00e9, 589 &#8211; Jardim Umarizal \u2013 S\u00e3o Paulo &#8211; SP<br>CEP 05754-060<\/p>\n\n\n\n<p><strong>Como Chegar<\/strong><br>De transporte p\u00fablico: a unidade fica a 3,5 km do Terminal Campo Limpo. Para utilizar o \u00f4nibus, a Linha 807M-10 \u00e9 a mais indicada.<br>De carro: acesso pela Estrada do Campo Limpo (altura do n\u00famero 5.156). N\u00e3o h\u00e1 estacionamento no local.<\/p>\n\n\n\n<iframe src=\"https:\/\/www.google.com\/maps\/embed?pb=!1m18!1m12!1m3!1d3655.4660024093973!2d-46.75441212466792!3d-23.623476778757162!2m3!1f0!2f0!3f0!3m2!1i1024!2i768!4f13.1!3m3!1m2!1s0x94ce540138df4fd1%3A0x85e478b2d08bbc07!2sRua%20Guaramemb%C3%A9%2C%20589%20-%20Umarizal%2C%20S%C3%A3o%20Paulo%20-%20SP%2C%2005754-060!5e0!3m2!1spt-BR!2sbr!4v1712536899980!5m2!1spt-BR!2sbr\" width=\"600\" height=\"450\" style=\"border:0;\" allowfullscreen=\"\" loading=\"lazy\" referrerpolicy=\"no-referrer-when-downgrade\"><\/iframe>\n\n<\/div>\n<\/div>","protected":false},"excerpt":{"rendered":"","protected":false},"author":2,"featured_media":0,"parent":3314,"menu_order":0,"comment_status":"closed","ping_status":"closed","template":"","meta":{"_acf_changed":false,"inline_featured_image":false,"footnotes":""},"categories":[],"tags":[],"class_list":["post-3327","page","type-page","status-publish"],"acf":[],"_links":{"self":[{"href":"https:\/\/redelucymontoro.org.br\/site\/wp-json\/wp\/v2\/pages\/3327","targetHints":{"allow":["GET"]}}],"collection":[{"href":"https:\/\/redelucymontoro.org.br\/site\/wp-json\/wp\/v2\/pages"}],"about":[{"href":"https:\/\/redelucymontoro.org.br\/site\/wp-json\/wp\/v2\/types\/page"}],"author":[{"embeddable":true,"href":"https:\/\/redelucymontoro.org.br\/site\/wp-json\/wp\/v2\/users\/2"}],"replies":[{"embeddable":true,"href":"https:\/\/redelucymontoro.org.br\/site\/wp-json\/wp\/v2\/comments?post=3327"}],"version-history":[{"count":0,"href":"https:\/\/redelucymontoro.org.br\/site\/wp-json\/wp\/v2\/pages\/3327\/revisions"}],"up":[{"embeddable":true,"href":"https:\/\/redelucymontoro.org.br\/site\/wp-json\/wp\/v2\/pages\/3314"}],"wp:attachment":[{"href":"https:\/\/redelucymontoro.org.br\/site\/wp-json\/wp\/v2\/media?parent=3327"}],"wp:term":[{"taxonomy":"category","embeddable":true,"href":"https:\/\/redelucymontoro.org.br\/site\/wp-json\/wp\/v2\/categories?post=3327"},{"taxonomy":"post_tag","embeddable":true,"href":"https:\/\/redelucymontoro.org.br\/site\/wp-json\/wp\/v2\/tags?post=3327"}],"curies":[{"name":"wp","href":"https:\/\/api.w.org\/{rel}","templated":true}]}}

<div class="gb-container gb-container-0b384c2b">
<div class="gb-container gb-container-3c85d835">

<figure class="gb-block-image gb-block-image-6e4d52ba"><img fetchpriority="high" decoding="async" width="800" height="489" class="gb-image gb-image-6e4d52ba" src="https://redelucymontoro.org.br/site/wp-content/uploads/2024/06/IMREA-Umarizal_001.jpg" alt="IMREA Unidade Umarizal" title="IMREA-Umarizal_001" srcset="https://redelucymontoro.org.br/site/wp-content/uploads/2024/06/IMREA-Umarizal_001.jpg 800w, https://redelucymontoro.org.br/site/wp-content/uploads/2024/06/IMREA-Umarizal_001-300x183.jpg 300w, https://redelucymontoro.org.br/site/wp-content/uploads/2024/06/IMREA-Umarizal_001-768x469.jpg 768w" sizes="(max-width: 800px) 100vw, 800px" /></figure>

</div>

<div class="gb-container gb-container-cf69fe2f">

<p><strong>Inauguração:</strong> 25 de agosto de 2001 (nome oficial:&nbsp;Centro de Reabilitação Umarizal)<br><br><strong>Instituição parceira</strong><br><a href="http://www.hc.fm.usp.br" target="_blank" rel="noreferrer noopener">Hospital das Clínicas da Faculdade de Medicina da Universidade de São Paulo – HCFMUSP</a></p>



<p><strong>Programas Oferecidos</strong><br>Reabilitação Ambulatorial:<br><br><em>Lesão Encefálica (Sequelas de AVC/AVE e Traumatismo craniano)</em><br><em>Amputação (membros superiores e inferiores)</em><br><em>Lesão Medular (paraplegia e tetraplegia)</em><br><em>Geral (síndromes neurológicas paralíticas e outras doenças neurológicas, ortopédicas e reumatológicas)</em><br><em>Infantil (paralisia cerebral e atraso do desenvolvimento neuropsicomotor)</em><br><em>Patologias musculoesqueléticas</em></p>



<p><strong>Horários de Atendimento</strong><br>Segunda a sexta-feira, das 8h às 18h</p>



<p><strong>Como Receber Atendimento<br></strong>Ambulatório para reabilitação de pacientes do Sistema Único de Saúde (SUS).&nbsp;<a href="https://redelucymontoro.org.br/site/reabilitacao/processo-de-triagem-e-admissao-para-programa-de-reabilitacao/" data-type="page" data-id="3390">Clique aqui para saber mais!&nbsp;</a></p>



<p><strong>Contatos</strong><br>Telefone: (11) 2392-2600</p>



<p><strong>Endereço</strong><br>Rua Guaramembé, 589 &#8211; Jardim Umarizal – São Paulo &#8211; SP<br>CEP 05754-060</p>



<p><strong>Como Chegar</strong><br>De transporte público: a unidade fica a 3,5 km do Terminal Campo Limpo. Para utilizar o ônibus, a Linha 807M-10 é a mais indicada.<br>De carro: acesso pela Estrada do Campo Limpo (altura do número 5.156). Não há estacionamento no local.</p>



<iframe src="https://www.google.com/maps/embed?pb=!1m18!1m12!1m3!1d3655.4660024093973!2d-46.75441212466792!3d-23.623476778757162!2m3!1f0!2f0!3f0!3m2!1i1024!2i768!4f13.1!3m3!1m2!1s0x94ce540138df4fd1%3A0x85e478b2d08bbc07!2sRua%20Guaramemb%C3%A9%2C%20589%20-%20Umarizal%2C%20S%C3%A3o%20Paulo%20-%20SP%2C%2005754-060!5e0!3m2!1spt-BR!2sbr!4v1712536899980!5m2!1spt-BR!2sbr" width="600" height="450" style="border:0;" allowfullscreen="" loading="lazy" referrerpolicy="no-referrer-when-downgrade"></iframe>

</div>
</div>
