{"id":3300,"date":"2024-04-04T12:15:32","date_gmt":"2024-04-04T15:15:32","guid":{"rendered":"https:\/\/dev.redelucymontoro.org.br\/novo\/?page_id=3300"},"modified":"2024-04-24T22:32:53","modified_gmt":"2024-04-25T01:32:53","slug":"codigo-de-etica","status":"publish","type":"page","link":"https:\/\/redelucymontoro.org.br\/site\/imrea\/codigo-de-etica\/","title":{"rendered":"C\u00f3digo de \u00e9tica"},"content":{"rendered":"\n<p>A preserva\u00e7\u00e3o dos mais elevados padr\u00f5es de integridade, \u00e9tica e desempenho de qualidade \u00e9 vital nas atividades desenvolvidas pelo IMREA. A Institui\u00e7\u00e3o cumpre com o <a href=\"https:\/\/drive.google.com\/file\/d\/0B0rRUUpAlKtheEgwV005a2JPUWc\/view?usp=sharing\" target=\"_blank\" rel=\"noreferrer noopener\">C\u00f3digo de Conduta Funcional do Hospital das Cl\u00ednicas da Faculdade de Medicina da Universidade de S\u00e3o Paulo<\/a>, (elaborado conforme o c\u00f3digo de \u00c9tica da Administra\u00e7\u00e3o P\u00fablica Estadual do Decreto n\u00ba 60.428, de 8 de maio de 2014) e seus profissionais da \u00e1rea da sa\u00fade com o c\u00f3digo de \u00e9tica de suas respectivas \u00e1reas.<\/p>\n\n\n\n<h2 class=\"wp-block-heading headline-4 mb-m\">Subcomiss\u00e3o de bio\u00e9tica<\/h2>\n\n\n\n<p>Bio\u00e9tica \u00e9 a \u00e1rea de conhecimento voltada para a reflex\u00e3o e discuss\u00e3o dos valores inerentes \u00e0 vida, a sa\u00fade humana e suas rela\u00e7\u00f5es. A Subcomiss\u00e3o de Bio\u00e9tica foi institu\u00edda no IMREA com a finalidade de tratar quest\u00f5es relacionadas a estes temas, conforme as diretrizes da <a href=\"http:\/\/www.hc.fm.usp.br\/index.php?option=com_content&amp;view=article&amp;id=242;comissao-bioetica-cobi&amp;catid=23;internas\" target=\"_blank\" rel=\"noreferrer noopener\">Comiss\u00e3o de Bio\u00e9tica do Hospital das Cl\u00ednicas da Faculdade de Medicina da Universidade de S\u00e3o Paulo<\/a>. Dentre os outros assuntos abordados pela subcomiss\u00e3o encontra-se o direito da pessoa servida de se manifestar, sendo a Ouvidoria um dos meios dessa comunica\u00e7\u00e3o entre o paciente e o IMREA. Conhe\u00e7a algumas fun\u00e7\u00f5es e formas de contato com a <a href=\"https:\/\/redelucymontoro.org.br\/site\/ouvidoria\/\" target=\"_blank\" rel=\"noreferrer noopener\">Ouvidoria<\/a> no menu superior.<\/p>\n","protected":false},"excerpt":{"rendered":"","protected":false},"author":2,"featured_media":0,"parent":3316,"menu_order":0,"comment_status":"closed","ping_status":"closed","template":"","meta":{"_acf_changed":false,"inline_featured_image":false,"footnotes":""},"categories":[],"tags":[90],"class_list":{"0":"post-3300","1":"page","2":"type-page","3":"status-publish","5":"tag-narrow"},"acf":[],"_links":{"self":[{"href":"https:\/\/redelucymontoro.org.br\/site\/wp-json\/wp\/v2\/pages\/3300","targetHints":{"allow":["GET"]}}],"collection":[{"href":"https:\/\/redelucymontoro.org.br\/site\/wp-json\/wp\/v2\/pages"}],"about":[{"href":"https:\/\/redelucymontoro.org.br\/site\/wp-json\/wp\/v2\/types\/page"}],"author":[{"embeddable":true,"href":"https:\/\/redelucymontoro.org.br\/site\/wp-json\/wp\/v2\/users\/2"}],"replies":[{"embeddable":true,"href":"https:\/\/redelucymontoro.org.br\/site\/wp-json\/wp\/v2\/comments?post=3300"}],"version-history":[{"count":0,"href":"https:\/\/redelucymontoro.org.br\/site\/wp-json\/wp\/v2\/pages\/3300\/revisions"}],"up":[{"embeddable":true,"href":"https:\/\/redelucymontoro.org.br\/site\/wp-json\/wp\/v2\/pages\/3316"}],"wp:attachment":[{"href":"https:\/\/redelucymontoro.org.br\/site\/wp-json\/wp\/v2\/media?parent=3300"}],"wp:term":[{"taxonomy":"category","embeddable":true,"href":"https:\/\/redelucymontoro.org.br\/site\/wp-json\/wp\/v2\/categories?post=3300"},{"taxonomy":"post_tag","embeddable":true,"href":"https:\/\/redelucymontoro.org.br\/site\/wp-json\/wp\/v2\/tags?post=3300"}],"curies":[{"name":"wp","href":"https:\/\/api.w.org\/{rel}","templated":true}]}}