{"id":3298,"date":"2024-04-04T12:14:52","date_gmt":"2024-04-04T15:14:52","guid":{"rendered":"https:\/\/dev.redelucymontoro.org.br\/novo\/?page_id=3298"},"modified":"2024-06-12T10:42:25","modified_gmt":"2024-06-12T13:42:25","slug":"principios-organizacionais","status":"publish","type":"page","link":"https:\/\/redelucymontoro.org.br\/site\/imrea\/principios-organizacionais\/","title":{"rendered":"Princ\u00edpios organizacionais"},"content":{"rendered":"\n<h2 class=\"wp-block-heading headline-4 mb-m\">Nosso Objetivo<\/h2>\n\n\n\n<p>Fundamentado em nossos valores, nosso maior e mais importante objetivo \u00e9 servir \u00e0s pessoas com defici\u00eancia f\u00edsica incapacitante, transit\u00f3ria ou definitiva, que necessitam de assist\u00eancia integrada e integral de reabilita\u00e7\u00e3o, mobilizando uma estrutura de alta tecnologia material e profissional para o desenvolvimento de seus potenciais f\u00edsicos, psicol\u00f3gicos, sociais, educacionais e profissionais.<\/p>\n\n\n\n<h2 class=\"wp-block-heading headline-4 mb-m\">Nossa Miss\u00e3o<\/h2>\n\n\n\n<p>Garantir a excel\u00eancia na gest\u00e3o, com processos e m\u00e9todos sustent\u00e1veis, atualiza\u00e7\u00e3o tecnol\u00f3gica e trabalho em rede, atuando como agente transformador na assist\u00eancia, ensino e pesquisa e reconhecido por toda a sociedade pela qualidade nos resultados alcan\u00e7ados.<\/p>\n\n\n\n<h2 class=\"wp-block-heading headline-4 mb-m\">Nossa Vis\u00e3o<\/h2>\n\n\n\n<p>Buscar o pioneirismo na assist\u00eancia reabilitacional atrav\u00e9s de pesquisa cl\u00ednica e inova\u00e7\u00f5es tecnol\u00f3gicas, inspirando os cuidados ao paciente cr\u00edtico, agudo n\u00e3o critico e na fase de cronifica\u00e7\u00e3o com desenvolvimento de estrat\u00e9gias de avalia\u00e7\u00e3o de resultados para o paciente e para a sociedade.<\/p>\n\n\n\n<h2 class=\"wp-block-heading headline-4 mb-m\">Nossos Valores<\/h2>\n\n\n\n<p>\u00c9tica. <br>Humanismo. <br>Responsabilidade Social. <br>Pluralismo. <br>Pioneirismo. <br>Compromisso Institucional.<\/p>\n\n\n\n<h2 class=\"wp-block-heading headline-4 mb-m\">Nossa Filosofia<\/h2>\n\n\n\n<p><a href=\"https:\/\/redelucymontoro.org.br\/site\/imrea\/filosofia-institucional\/\" data-type=\"page\" data-id=\"3304\">Clique aqui<\/a><\/p>\n","protected":false},"excerpt":{"rendered":"","protected":false},"author":2,"featured_media":0,"parent":3316,"menu_order":0,"comment_status":"closed","ping_status":"closed","template":"","meta":{"_acf_changed":false,"inline_featured_image":false,"footnotes":""},"categories":[],"tags":[90],"class_list":{"0":"post-3298","1":"page","2":"type-page","3":"status-publish","5":"tag-narrow"},"acf":[],"_links":{"self":[{"href":"https:\/\/redelucymontoro.org.br\/site\/wp-json\/wp\/v2\/pages\/3298","targetHints":{"allow":["GET"]}}],"collection":[{"href":"https:\/\/redelucymontoro.org.br\/site\/wp-json\/wp\/v2\/pages"}],"about":[{"href":"https:\/\/redelucymontoro.org.br\/site\/wp-json\/wp\/v2\/types\/page"}],"author":[{"embeddable":true,"href":"https:\/\/redelucymontoro.org.br\/site\/wp-json\/wp\/v2\/users\/2"}],"replies":[{"embeddable":true,"href":"https:\/\/redelucymontoro.org.br\/site\/wp-json\/wp\/v2\/comments?post=3298"}],"version-history":[{"count":0,"href":"https:\/\/redelucymontoro.org.br\/site\/wp-json\/wp\/v2\/pages\/3298\/revisions"}],"up":[{"embeddable":true,"href":"https:\/\/redelucymontoro.org.br\/site\/wp-json\/wp\/v2\/pages\/3316"}],"wp:attachment":[{"href":"https:\/\/redelucymontoro.org.br\/site\/wp-json\/wp\/v2\/media?parent=3298"}],"wp:term":[{"taxonomy":"category","embeddable":true,"href":"https:\/\/redelucymontoro.org.br\/site\/wp-json\/wp\/v2\/categories?post=3298"},{"taxonomy":"post_tag","embeddable":true,"href":"https:\/\/redelucymontoro.org.br\/site\/wp-json\/wp\/v2\/tags?post=3298"}],"curies":[{"name":"wp","href":"https:\/\/api.w.org\/{rel}","templated":true}]}}

Princípios organizacionais

<h2 class="wp-block-heading headline-4 mb-m">Nosso Objetivo</h2>



<p>Fundamentado em nossos valores, nosso maior e mais importante objetivo é servir às pessoas com deficiência física incapacitante, transitória ou definitiva, que necessitam de assistência integrada e integral de reabilitação, mobilizando uma estrutura de alta tecnologia material e profissional para o desenvolvimento de seus potenciais físicos, psicológicos, sociais, educacionais e profissionais.</p>



<h2 class="wp-block-heading headline-4 mb-m">Nossa Missão</h2>



<p>Garantir a excelência na gestão, com processos e métodos sustentáveis, atualização tecnológica e trabalho em rede, atuando como agente transformador na assistência, ensino e pesquisa e reconhecido por toda a sociedade pela qualidade nos resultados alcançados.</p>



<h2 class="wp-block-heading headline-4 mb-m">Nossa Visão</h2>



<p>Buscar o pioneirismo na assistência reabilitacional através de pesquisa clínica e inovações tecnológicas, inspirando os cuidados ao paciente crítico, agudo não critico e na fase de cronificação com desenvolvimento de estratégias de avaliação de resultados para o paciente e para a sociedade.</p>



<h2 class="wp-block-heading headline-4 mb-m">Nossos Valores</h2>



<p>Ética. <br>Humanismo. <br>Responsabilidade Social. <br>Pluralismo. <br>Pioneirismo. <br>Compromisso Institucional.</p>



<h2 class="wp-block-heading headline-4 mb-m">Nossa Filosofia</h2>



<p><a href="https://redelucymontoro.org.br/site/imrea/filosofia-institucional/" data-type="page" data-id="3304">Clique aqui</a></p>
