{"id":10724,"date":"2023-09-15T22:33:00","date_gmt":"2023-09-16T01:33:00","guid":{"rendered":"https:\/\/dev.redelucymontoro.org.br\/novo\/?post_type=depoimento&#038;p=10724"},"modified":"2024-08-01T22:34:55","modified_gmt":"2024-08-02T01:34:55","slug":"maria-amelia-serra-paciente","status":"publish","type":"depoimento","link":"https:\/\/redelucymontoro.org.br\/site\/depoimento\/maria-amelia-serra-paciente\/","title":{"rendered":"Maria Am\u00e9lia Serra &#8211; Paciente"},"content":{"rendered":"\n<p>Quero expressar minha sincera gratid\u00e3o aos profissionais t\u00e3o competentes e dedicados do instituto Lucy Montoro sempre de bom humor, clareza e aten\u00e7\u00e3o com seus pacientes.<\/p>\n\n\n\n<p>Agrade\u00e7o por todo o apoio e incentivo que voc\u00eas nos proporcionaram durante a interna\u00e7\u00e3o.<\/p>\n\n\n\n<p>Foi uma experi\u00eancia incr\u00edvel, aprendi a lidar melhor com minha sogra, dando a ela mais independ\u00eancia f\u00edsica e funcional. A partir das orienta\u00e7\u00f5es terap\u00eauticos e poder melhorar a qualidade de vida!<\/p>\n\n\n\n<p><\/p>\n","protected":false},"excerpt":{"rendered":"","protected":false},"featured_media":0,"template":"","class_list":["post-10724","depoimento","type-depoimento","status-publish","hentry"],"acf":[],"_links":{"self":[{"href":"https:\/\/redelucymontoro.org.br\/site\/wp-json\/wp\/v2\/depoimento\/10724","targetHints":{"allow":["GET"]}}],"collection":[{"href":"https:\/\/redelucymontoro.org.br\/site\/wp-json\/wp\/v2\/depoimento"}],"about":[{"href":"https:\/\/redelucymontoro.org.br\/site\/wp-json\/wp\/v2\/types\/depoimento"}],"wp:attachment":[{"href":"https:\/\/redelucymontoro.org.br\/site\/wp-json\/wp\/v2\/media?parent=10724"}],"curies":[{"name":"wp","href":"https:\/\/api.w.org\/{rel}","templated":true}]}}

Maria Amélia Serra &#8211; Paciente

<p>Quero expressar minha sincera gratidão aos profissionais tão competentes e dedicados do instituto Lucy Montoro sempre de bom humor, clareza e atenção com seus pacientes.</p>



<p>Agradeço por todo o apoio e incentivo que vocês nos proporcionaram durante a internação.</p>



<p>Foi uma experiência incrível, aprendi a lidar melhor com minha sogra, dando a ela mais independência física e funcional. A partir das orientações terapêuticos e poder melhorar a qualidade de vida!</p>



<p></p>
