{"id":10722,"date":"2023-05-05T22:28:00","date_gmt":"2023-05-06T01:28:00","guid":{"rendered":"https:\/\/dev.redelucymontoro.org.br\/novo\/?post_type=depoimento&#038;p=10722"},"modified":"2024-08-01T22:30:30","modified_gmt":"2024-08-02T01:30:30","slug":"juliana-da-silva-alves-paciente","status":"publish","type":"depoimento","link":"https:\/\/redelucymontoro.org.br\/site\/depoimento\/juliana-da-silva-alves-paciente\/","title":{"rendered":"Juliana da Silva Alves &#8211; Paciente"},"content":{"rendered":"\n<p>\u00c9 com grande prazer que falamos sobre a nossa experi\u00eancia aqui no instituto.<\/p>\n\n\n\n<p>Chegamos cheias de d\u00favidas e medos, mas com o passar dos dias nos sentimos abra\u00e7adas e come\u00e7amos a entender melhor sobre o processo de reabilita\u00e7\u00e3o.<\/p>\n\n\n\n<p>Um ambiente acolhedor, composto por pessoas\/profissionais dedicados ao trabalho, recupera\u00e7\u00e3o e melhoria de seus pacientes.<\/p>\n\n\n\n<p>O aprendizado que tivemos aqui, com certeza superou nossas expectativas. Sairemos daqui com a certeza de quem sempre podemos mais do que imaginamos sermos capazes.<\/p>\n\n\n\n<p>Conhecer outras pessoas na mesma situa\u00e7\u00e3o, com as mesmas dificuldades, a troca de experi\u00eancias \u00e9 uma coisa que n\u00e3o tem pre\u00e7o. Sem contar na equipe totalmente preparada e super disposta, n\u00e3o apenas em executar as atividades, mas em explicar passo a passo, para que assim possamos dar sequ\u00eancia ao tratamento ap\u00f3s a alta.<\/p>\n\n\n\n<p>Deixamos aqui o relato da nossa satisfa\u00e7\u00e3o e nosso agradecimento por tudo que nos foi oferecido e ensinado, muito obrigada!<\/p>\n","protected":false},"excerpt":{"rendered":"","protected":false},"featured_media":0,"template":"","class_list":["post-10722","depoimento","type-depoimento","status-publish","hentry"],"acf":[],"_links":{"self":[{"href":"https:\/\/redelucymontoro.org.br\/site\/wp-json\/wp\/v2\/depoimento\/10722","targetHints":{"allow":["GET"]}}],"collection":[{"href":"https:\/\/redelucymontoro.org.br\/site\/wp-json\/wp\/v2\/depoimento"}],"about":[{"href":"https:\/\/redelucymontoro.org.br\/site\/wp-json\/wp\/v2\/types\/depoimento"}],"wp:attachment":[{"href":"https:\/\/redelucymontoro.org.br\/site\/wp-json\/wp\/v2\/media?parent=10722"}],"curies":[{"name":"wp","href":"https:\/\/api.w.org\/{rel}","templated":true}]}}

<p>É com grande prazer que falamos sobre a nossa experiência aqui no instituto.</p>



<p>Chegamos cheias de dúvidas e medos, mas com o passar dos dias nos sentimos abraçadas e começamos a entender melhor sobre o processo de reabilitação.</p>



<p>Um ambiente acolhedor, composto por pessoas/profissionais dedicados ao trabalho, recuperação e melhoria de seus pacientes.</p>



<p>O aprendizado que tivemos aqui, com certeza superou nossas expectativas. Sairemos daqui com a certeza de quem sempre podemos mais do que imaginamos sermos capazes.</p>



<p>Conhecer outras pessoas na mesma situação, com as mesmas dificuldades, a troca de experiências é uma coisa que não tem preço. Sem contar na equipe totalmente preparada e super disposta, não apenas em executar as atividades, mas em explicar passo a passo, para que assim possamos dar sequência ao tratamento após a alta.</p>



<p>Deixamos aqui o relato da nossa satisfação e nosso agradecimento por tudo que nos foi oferecido e ensinado, muito obrigada!</p>
