{"id":10721,"date":"2023-05-03T22:26:00","date_gmt":"2023-05-04T01:26:00","guid":{"rendered":"https:\/\/dev.redelucymontoro.org.br\/novo\/?post_type=depoimento&#038;p=10721"},"modified":"2024-08-01T22:28:32","modified_gmt":"2024-08-02T01:28:32","slug":"aline-ap-r-de-campos-paciente","status":"publish","type":"depoimento","link":"https:\/\/redelucymontoro.org.br\/site\/depoimento\/aline-ap-r-de-campos-paciente\/","title":{"rendered":"Aline Ap. R. de Campos &#8211; Paciente"},"content":{"rendered":"\n<p>Essa \u00e9 minha segunda interna\u00e7\u00e3o. Estou muito feliz com toda equipe envolvida na minha reabilita\u00e7\u00e3o.<\/p>\n\n\n\n<p>O Lucy me abriu muito a cabe\u00e7a para poder me reabilitar de forma segura e com evolu\u00e7\u00e3o, na qual os profissionais sempre tiveram muito zelo em ter os cuidados devidos e os exerc\u00edcios adequados para o meu desenvolvimento. Toda equipe de enfermagem est\u00e3o de parab\u00e9ns, tiveram todos os cuidados comigo, sempre me orientando. Toda equipe de fisioterapia e tamb\u00e9m a equipe m\u00e9dica, s\u00e3o muito atenciosos, me orientando sempre e tamb\u00e9m todos sempre \u00e0 disposi\u00e7\u00e3o para me atender com a qualidade, respeito e profissionalismo.<\/p>\n\n\n\n<p>Agrade\u00e7o a todos, voc\u00eas est\u00e3o de parab\u00e9ns!!<\/p>\n","protected":false},"excerpt":{"rendered":"","protected":false},"featured_media":0,"template":"","class_list":["post-10721","depoimento","type-depoimento","status-publish","hentry"],"acf":[],"_links":{"self":[{"href":"https:\/\/redelucymontoro.org.br\/site\/wp-json\/wp\/v2\/depoimento\/10721","targetHints":{"allow":["GET"]}}],"collection":[{"href":"https:\/\/redelucymontoro.org.br\/site\/wp-json\/wp\/v2\/depoimento"}],"about":[{"href":"https:\/\/redelucymontoro.org.br\/site\/wp-json\/wp\/v2\/types\/depoimento"}],"wp:attachment":[{"href":"https:\/\/redelucymontoro.org.br\/site\/wp-json\/wp\/v2\/media?parent=10721"}],"curies":[{"name":"wp","href":"https:\/\/api.w.org\/{rel}","templated":true}]}}

<p>Essa é minha segunda internação. Estou muito feliz com toda equipe envolvida na minha reabilitação.</p>



<p>O Lucy me abriu muito a cabeça para poder me reabilitar de forma segura e com evolução, na qual os profissionais sempre tiveram muito zelo em ter os cuidados devidos e os exercícios adequados para o meu desenvolvimento. Toda equipe de enfermagem estão de parabéns, tiveram todos os cuidados comigo, sempre me orientando. Toda equipe de fisioterapia e também a equipe médica, são muito atenciosos, me orientando sempre e também todos sempre à disposição para me atender com a qualidade, respeito e profissionalismo.</p>



<p>Agradeço a todos, vocês estão de parabéns!!</p>
