{"id":903,"date":"2018-04-09T14:51:26","date_gmt":"2018-04-09T14:51:26","guid":{"rendered":"https:\/\/situati.net.br\/new\/imrea-participa-da-feira-hospitalar-confira-a-programacao\/"},"modified":"2024-04-14T21:21:03","modified_gmt":"2024-04-15T00:21:03","slug":"imrea-participa-da-feira-hospitalar-confira-a-programacao","status":"publish","type":"curso","link":"https:\/\/redelucymontoro.org.br\/site\/cursos\/imrea-participa-da-feira-hospitalar-confira-a-programacao\/","title":{"rendered":"Com novo espa\u00e7o para a \u00e1rea de reabilita\u00e7\u00e3o, Feira Hospitalar acontece entre 22 e 25 de maio"},"content":{"rendered":"<p>A Hospitalar 2018 traz um novo espa\u00e7o para Reabilita\u00e7\u00e3o. Resultado de uma parceria entre a Hospitalar e a Associa\u00e7\u00e3o Brasileira da Ind\u00fastria de Artigos e Equipamentos M\u00e9dicos, Odontol\u00f3gicos, Hospitalares e de Laborat\u00f3rios (ABMO), com apoio da Secretaria dos Direitos da Pessoa com Defici\u00eancia do Estado de S\u00e3o Paulo, a Esta\u00e7\u00e3o Reabilita\u00e7\u00e3o vai apresentar as solu\u00e7\u00f5es mais recentes desenvolvidas pela ind\u00fastria brasileira de tecnologia assistiva, de forma interativa e inovadora.<\/p>\n<p><!--more--><\/p>\n<p>Especialmente no dia 22 de maio, a feira Hospitalar promove uma s\u00e9rie de palestras ministradas por m\u00e9dicos pesquisadores do IMREA HCFMUSP, al\u00e9m de especialistas em Reabilita\u00e7\u00e3o de outros institutos e universidades.<\/p>\n<p>Veja abaixo a programa\u00e7\u00e3o, o resumo das apresenta\u00e7\u00f5es e o curr\u00edculo dos palestrantes.&nbsp;<\/p>\n<p><iframe src=\"https:\/\/drive.google.com\/file\/d\/1E5lp1crDNpr_MRHuMCW6_65dJcTZBUqJ\/preview\" width=\"640\" height=\"480\"><\/iframe> <iframe src=\"https:\/\/drive.google.com\/file\/d\/1H0Ha7eHsm0u854WZUaHPGWdSP6BIkNw6\/preview\" width=\"640\" height=\"480\"><\/iframe> <iframe src=\"https:\/\/drive.google.com\/file\/d\/1ZKv9Z2zJ1reUIpRKminHAdFSh8b-dq51\/preview\" width=\"640\" height=\"480\"><\/iframe><\/p>\n<p>Saiba mais sobre a Hospitalar 2018 no site&nbsp;<a href=\"https:\/\/hospitalar.com\/pt\">https:\/\/hospitalar.com\/pt<\/a>.&nbsp;O evento ocorre no Expo Center Norte, pr\u00f3ximo ao Terminal Rodovi\u00e1rio do Tiet\u00ea, na Zona Norte de S\u00e3o Paulo.<\/p>\n","protected":false},"featured_media":0,"template":"","class_list":["post-903","curso","type-curso","status-publish","hentry"],"acf":[],"_links":{"self":[{"href":"https:\/\/redelucymontoro.org.br\/site\/wp-json\/wp\/v2\/curso\/903","targetHints":{"allow":["GET"]}}],"collection":[{"href":"https:\/\/redelucymontoro.org.br\/site\/wp-json\/wp\/v2\/curso"}],"about":[{"href":"https:\/\/redelucymontoro.org.br\/site\/wp-json\/wp\/v2\/types\/curso"}],"wp:attachment":[{"href":"https:\/\/redelucymontoro.org.br\/site\/wp-json\/wp\/v2\/media?parent=903"}],"curies":[{"name":"wp","href":"https:\/\/api.w.org\/{rel}","templated":true}]}}

Com novo espaço para a área de reabilitação, Feira Hospitalar acontece entre 22 e 25 de maio

<p>A Hospitalar 2018 traz um novo espaço para Reabilitação. Resultado de uma parceria entre a Hospitalar e a Associação Brasileira da Indústria de Artigos e Equipamentos Médicos, Odontológicos, Hospitalares e de Laboratórios (ABMO), com apoio da Secretaria dos Direitos da Pessoa com Deficiência do Estado de São Paulo, a Estação Reabilitação vai apresentar as soluções mais recentes desenvolvidas pela indústria brasileira de tecnologia assistiva, de forma interativa e inovadora.</p>
<p><!--more--></p>
<p>Especialmente no dia 22 de maio, a feira Hospitalar promove uma série de palestras ministradas por médicos pesquisadores do IMREA HCFMUSP, além de especialistas em Reabilitação de outros institutos e universidades.</p>
<p>Veja abaixo a programação, o resumo das apresentações e o currículo dos palestrantes.&nbsp;</p>
<p><iframe src="https://drive.google.com/file/d/1E5lp1crDNpr_MRHuMCW6_65dJcTZBUqJ/preview" width="640" height="480"></iframe> <iframe src="https://drive.google.com/file/d/1H0Ha7eHsm0u854WZUaHPGWdSP6BIkNw6/preview" width="640" height="480"></iframe> <iframe src="https://drive.google.com/file/d/1ZKv9Z2zJ1reUIpRKminHAdFSh8b-dq51/preview" width="640" height="480"></iframe></p>
<p>Saiba mais sobre a Hospitalar 2018 no site&nbsp;<a href="https://hospitalar.com/pt">https://hospitalar.com/pt</a>.&nbsp;O evento ocorre no Expo Center Norte, próximo ao Terminal Rodoviário do Tietê, na Zona Norte de São Paulo.</p>
