{"id":902,"date":"2018-04-03T18:19:18","date_gmt":"2018-04-03T18:19:18","guid":{"rendered":"https:\/\/situati.net.br\/new\/terapia-ocupacional-curso-para-indicacao-elaboracao-e-confeccao-de-orteses-de-membros-superiores\/"},"modified":"2024-04-14T21:21:03","modified_gmt":"2024-04-15T00:21:03","slug":"terapia-ocupacional-curso-para-indicacao-elaboracao-e-confeccao-de-orteses-de-membros-superiores","status":"publish","type":"curso","link":"https:\/\/redelucymontoro.org.br\/site\/cursos\/terapia-ocupacional-curso-para-indicacao-elaboracao-e-confeccao-de-orteses-de-membros-superiores\/","title":{"rendered":"Terapia Ocupacional: Curso para Indica\u00e7\u00e3o, Elabora\u00e7\u00e3o e Confec\u00e7\u00e3o de \u00d3rteses de Membros Superiores"},"content":{"rendered":"<p>O IMREA oferece a tearapeutas ocupacionais o curso &#8220;Indica\u00e7\u00e3o, Elabora\u00e7\u00e3o e Confec\u00e7\u00e3o de \u00d3rteses de Membros Superiores&#8221; que inicia no dia 5 de maio.<\/p>\n<p><!--more--><\/p>\n<p>As inscri\u00e7\u00f5es podem ser feitas at\u00e9 20 de abril. Acesse: <a href=\"https:\/\/docs.google.com\/forms\/d\/e\/1FAIpQLSf0gmVorqCuQgJ902gEX8UVXOrJbnqatqEYIHw1RabPq8zY9w\/viewform\" target=\"_blank\" rel=\"noopener\">tinyurl.com\/cursoortesesimrea2018<\/a><\/p>\n<p><iframe src=\"https:\/\/drive.google.com\/file\/d\/1gSI5W-WKmjisICbUgIRON_fYFrALgDl9\/preview\" width=\"640\" height=\"480\" allowfullscreen=\"allowfullscreen\"><\/iframe><\/p>\n","protected":false},"featured_media":0,"template":"","class_list":["post-902","curso","type-curso","status-publish","hentry"],"acf":[],"_links":{"self":[{"href":"https:\/\/redelucymontoro.org.br\/site\/wp-json\/wp\/v2\/curso\/902","targetHints":{"allow":["GET"]}}],"collection":[{"href":"https:\/\/redelucymontoro.org.br\/site\/wp-json\/wp\/v2\/curso"}],"about":[{"href":"https:\/\/redelucymontoro.org.br\/site\/wp-json\/wp\/v2\/types\/curso"}],"wp:attachment":[{"href":"https:\/\/redelucymontoro.org.br\/site\/wp-json\/wp\/v2\/media?parent=902"}],"curies":[{"name":"wp","href":"https:\/\/api.w.org\/{rel}","templated":true}]}}

Terapia Ocupacional: Curso para Indicação, Elaboração e Confecção de Órteses de Membros Superiores

<p>O IMREA oferece a tearapeutas ocupacionais o curso &#8220;Indicação, Elaboração e Confecção de Órteses de Membros Superiores&#8221; que inicia no dia 5 de maio.</p>
<p><!--more--></p>
<p>As inscrições podem ser feitas até 20 de abril. Acesse: <a href="https://docs.google.com/forms/d/e/1FAIpQLSf0gmVorqCuQgJ902gEX8UVXOrJbnqatqEYIHw1RabPq8zY9w/viewform" target="_blank" rel="noopener">tinyurl.com/cursoortesesimrea2018</a></p>
<p><iframe src="https://drive.google.com/file/d/1gSI5W-WKmjisICbUgIRON_fYFrALgDl9/preview" width="640" height="480" allowfullscreen="allowfullscreen"></iframe></p>
