{"id":887,"date":"2018-03-15T17:08:02","date_gmt":"2018-03-15T17:08:02","guid":{"rendered":"https:\/\/situati.net.br\/new\/novo-curso-fronteiras-da-neuromodulacao-na-reabilitacao\/"},"modified":"2024-04-14T21:21:03","modified_gmt":"2024-04-15T00:21:03","slug":"novo-curso-fronteiras-da-neuromodulacao-na-reabilitacao","status":"publish","type":"curso","link":"https:\/\/redelucymontoro.org.br\/site\/cursos\/novo-curso-fronteiras-da-neuromodulacao-na-reabilitacao\/","title":{"rendered":"Novo Curso: Fronteiras da Neuromodula\u00e7\u00e3o na Reabilita\u00e7\u00e3o &#8211; ENCERRADO"},"content":{"rendered":"<p>O Instituto Scala lan\u00e7a um novo curso, com inscri\u00e7\u00f5es j\u00e1 abertas.<\/p>\n<p>Com formato colaborativo e interativo, ser\u00e3o discutidos os princ\u00edpios e mecanismos da neuromodula\u00e7\u00e3o entre outros assuntos pertinentes.<\/p>\n<p>Acesse <a href=\"https:\/\/www.institutoscala.org\/\" target=\"_blank\" rel=\"noopener\">www.institutoscala.org<\/a><\/p>\n<p>Mais informa\u00e7\u00f5es: e-mail <a href=\"mailto:contato@institutoscala.com.br\">contato@institutoscala.com.br<\/a> e (11)3568-2151<\/p>\n<p><iframe src=\"https:\/\/drive.google.com\/file\/d\/1Hkmt0c6DJtqWxUYagZj86DVEBmIBDI3S\/preview\" width=\"640\" height=\"480\"><\/iframe><\/p>\n","protected":false},"featured_media":0,"template":"","class_list":["post-887","curso","type-curso","status-publish","hentry"],"acf":[],"_links":{"self":[{"href":"https:\/\/redelucymontoro.org.br\/site\/wp-json\/wp\/v2\/curso\/887","targetHints":{"allow":["GET"]}}],"collection":[{"href":"https:\/\/redelucymontoro.org.br\/site\/wp-json\/wp\/v2\/curso"}],"about":[{"href":"https:\/\/redelucymontoro.org.br\/site\/wp-json\/wp\/v2\/types\/curso"}],"wp:attachment":[{"href":"https:\/\/redelucymontoro.org.br\/site\/wp-json\/wp\/v2\/media?parent=887"}],"curies":[{"name":"wp","href":"https:\/\/api.w.org\/{rel}","templated":true}]}}

Novo Curso: Fronteiras da Neuromodulação na Reabilitação &#8211; ENCERRADO

<p>O Instituto Scala lança um novo curso, com inscrições já abertas.</p>
<p>Com formato colaborativo e interativo, serão discutidos os princípios e mecanismos da neuromodulação entre outros assuntos pertinentes.</p>
<p>Acesse <a href="https://www.institutoscala.org/" target="_blank" rel="noopener">www.institutoscala.org</a></p>
<p>Mais informações: e-mail <a href="mailto:contato@institutoscala.com.br">contato@institutoscala.com.br</a> e (11)3568-2151</p>
<p><iframe src="https://drive.google.com/file/d/1Hkmt0c6DJtqWxUYagZj86DVEBmIBDI3S/preview" width="640" height="480"></iframe></p>
