{"id":622,"date":"2017-06-08T14:20:10","date_gmt":"2017-06-08T14:20:10","guid":{"rendered":"https:\/\/situati.net.br\/new\/iv-forum-de-familia-e-servico-social-na-reabilitacao\/"},"modified":"2024-04-14T21:21:03","modified_gmt":"2024-04-15T00:21:03","slug":"iv-forum-de-familia-e-servico-social-na-reabilitacao","status":"publish","type":"curso","link":"https:\/\/redelucymontoro.org.br\/site\/cursos\/iv-forum-de-familia-e-servico-social-na-reabilitacao\/","title":{"rendered":"IV F\u00f3rum de Fam\u00edlia e Servi\u00e7o Social na Reabilita\u00e7\u00e3o"},"content":{"rendered":"<p>No dia 27 de junho, das 8 \u00e0s 13 horas, o Servi\u00e7o de Servi\u00e7o Social do IMREA HC FMUSP promove o IV F\u00f3rum de Fam\u00edlia e Servi\u00e7o Social na Reabilita\u00e7\u00e3o.<\/p>\n<p>SERVI\u00c7O<br \/>IV F\u00f3rum de Fam\u00edlia e Servi\u00e7o Social na Reabilita\u00e7\u00e3o<br \/>Tema: &#8220;Fam\u00edlia, Reabilita\u00e7\u00e3o e Inclus\u00e3o Social do Idoso com Defici\u00eancia&#8221;<br \/>Data: 27\/06\/2017<br \/>Hor\u00e1rio: 08 \u00e0s 13 horas<br \/>Local: IMREA Vila Mariana &#8211; Rua Diderot, 43, Ch\u00e1cara Klabin, S\u00e3o Paulo, SP<br \/>P\u00fablico Alvo: Assistentes Sociais, estudantes de Servi\u00e7o Social e Profissionais da Sa\u00fade<br \/>Investimento: R$ 70,00 (profissionais) e R$ 35,00 (estudantes)<\/p>\n<p>08h00 &#8211; Credenciamento e novas inscri\u00e7\u00f5es;<br \/>08h40 &#8211; Abertura;<br \/>09h00 &#8211; Inclus\u00e3o Social do Idoso e Reabilita\u00e7\u00e3o;<br \/>10h00 &#8211; Coffee-Break;<br \/>10h30 &#8211; O Papel do Minist\u00e9rio P\u00fablico no atendimento ao Idoso;<br \/>12h00 &#8211; Conta\u00e7\u00e3o de hist\u00f3rias com a profissional Kika Antunes;<br \/>12h45 &#8211; Encerramento<\/p>\n","protected":false},"featured_media":0,"template":"","class_list":["post-622","curso","type-curso","status-publish","hentry"],"acf":[],"_links":{"self":[{"href":"https:\/\/redelucymontoro.org.br\/site\/wp-json\/wp\/v2\/curso\/622","targetHints":{"allow":["GET"]}}],"collection":[{"href":"https:\/\/redelucymontoro.org.br\/site\/wp-json\/wp\/v2\/curso"}],"about":[{"href":"https:\/\/redelucymontoro.org.br\/site\/wp-json\/wp\/v2\/types\/curso"}],"wp:attachment":[{"href":"https:\/\/redelucymontoro.org.br\/site\/wp-json\/wp\/v2\/media?parent=622"}],"curies":[{"name":"wp","href":"https:\/\/api.w.org\/{rel}","templated":true}]}}

IV Fórum de Família e Serviço Social na Reabilitação

<p>No dia 27 de junho, das 8 às 13 horas, o Serviço de Serviço Social do IMREA HC FMUSP promove o IV Fórum de Família e Serviço Social na Reabilitação.</p>
<p>SERVIÇO<br />IV Fórum de Família e Serviço Social na Reabilitação<br />Tema: &#8220;Família, Reabilitação e Inclusão Social do Idoso com Deficiência&#8221;<br />Data: 27/06/2017<br />Horário: 08 às 13 horas<br />Local: IMREA Vila Mariana &#8211; Rua Diderot, 43, Chácara Klabin, São Paulo, SP<br />Público Alvo: Assistentes Sociais, estudantes de Serviço Social e Profissionais da Saúde<br />Investimento: R$ 70,00 (profissionais) e R$ 35,00 (estudantes)</p>
<p>08h00 &#8211; Credenciamento e novas inscrições;<br />08h40 &#8211; Abertura;<br />09h00 &#8211; Inclusão Social do Idoso e Reabilitação;<br />10h00 &#8211; Coffee-Break;<br />10h30 &#8211; O Papel do Ministério Público no atendimento ao Idoso;<br />12h00 &#8211; Contação de histórias com a profissional Kika Antunes;<br />12h45 &#8211; Encerramento</p>
