{"id":513,"date":"2017-02-14T17:02:22","date_gmt":"2017-02-14T17:02:22","guid":{"rendered":"https:\/\/situati.net.br\/new\/workshop-o-bebe-de-risco-avaliacao-e-intervencao\/"},"modified":"2024-04-14T21:21:04","modified_gmt":"2024-04-15T00:21:04","slug":"workshop-o-bebe-de-risco-avaliacao-e-intervencao","status":"publish","type":"curso","link":"https:\/\/redelucymontoro.org.br\/site\/cursos\/workshop-o-bebe-de-risco-avaliacao-e-intervencao\/","title":{"rendered":"Workshop O beb\u00ea de risco: Avalia\u00e7\u00e3o e Interven\u00e7\u00e3o"},"content":{"rendered":"<p>A Rede Lucy Montoro recebe, no Instituto de Medicina F\u00edsica e Reabilita\u00e7\u00e3o (IMREA) Vila Mariana, o Workshop &#8220;O beb\u00ea de risco &#8211; avalia\u00e7\u00e3o e interven\u00e7\u00e3o&#8221; nos dias 21 e 22 de abril.<\/p>\n<p><!--more--><\/p>\n<p><img decoding=\"async\" class=\" size-full wp-image-512\" src=\"https:\/\/redelucymontoro.org.br\/site\/wp-content\/uploads\/2017\/02\/unnamed-d06.jpg\" alt=\"unnamed\" \/><\/p>\n<p>A Rede Lucy Montoro recebe, no Instituto de Medicina F\u00edsica e Reabilita\u00e7\u00e3o (IMREA) Vila Mariana, o Workshop &#8220;O beb\u00ea de risco &#8211; avalia\u00e7\u00e3o e interven\u00e7\u00e3o&#8221; nos dias 21 e 22 de abril.<\/p>\n<p>O objetivo do workshop \u00e9 promover um entendimento de como os beb\u00eas se desenvolvem em rela\u00e7\u00e3o aos contatos com seus pais, cuidadores e o meio ambiente utilizando o conceito e os princ\u00edpios Neuroevolutivo \u2013 Bobath. Organizado pela Abradimene e pela Inclus\u00e3o Eficiente S\u00e3o Paulo, o workshop contar\u00e1 com palestras das profissionais da Sa\u00fade Sakae Yokota (fisioterapeuta), Oacy Veronesi (terapeuta ocupacional) e Regina Donnamaria Morais (fonoaudi\u00f3loga).<\/p>\n<p><strong>Servi\u00e7o:<\/strong><br \/>Workshop &#8220;O beb\u00ea de Risco: Avalia\u00e7\u00e3o e Interven\u00e7\u00e3o&#8221;<br \/>Carga-hor\u00e1ria: 16h<br \/>Investimento: R$ 960,00 para o p\u00fablico em geral ou R$ R$ 800,00 para funcion\u00e1rios da Rede Lucy Montoro<br \/>P\u00fablico-alvo: Fisioterapeutas, terapeutas ocupacionais e fonoaudi\u00f3logos (as), devidamente inscritas em seus conselhos profissionais.<br \/>Certifica\u00e7\u00e3o: Abradimene<br \/>Local: IMREA Vila Mariana<br \/>Endere\u00e7o: Rua Diderot, n\u00ba43 (pr\u00f3ximo ao metr\u00f4 Ch\u00e1cara Klabin).<br \/>Inscri\u00e7\u00f5es: <a href=\"https:\/\/docs.google.com\/a\/hc.fm.usp.br\/forms\/d\/e\/1FAIpQLSdRPNMshq0ej5JBot7SWlzvX2i5_CsuF1dXxo51Fa6ykBgPLA\/viewform\">goo.gl\/t5d3gf<\/a><\/p>\n<p>Para mais informa\u00e7\u00f5es, acesso o site a Inclus\u00e3o Eficiente acessando este <a href=\"http:\/\/www.inclusaoeficiente.com.br\/cursos.asp?lang=&amp;temp=5&amp;materia=179#materia179\">link<\/a>.<\/p>\n","protected":false},"featured_media":512,"template":"","class_list":["post-513","curso","type-curso","status-publish","has-post-thumbnail","hentry"],"acf":[],"_links":{"self":[{"href":"https:\/\/redelucymontoro.org.br\/site\/wp-json\/wp\/v2\/curso\/513","targetHints":{"allow":["GET"]}}],"collection":[{"href":"https:\/\/redelucymontoro.org.br\/site\/wp-json\/wp\/v2\/curso"}],"about":[{"href":"https:\/\/redelucymontoro.org.br\/site\/wp-json\/wp\/v2\/types\/curso"}],"wp:featuredmedia":[{"embeddable":true,"href":"https:\/\/redelucymontoro.org.br\/site\/wp-json\/wp\/v2\/media\/512"}],"wp:attachment":[{"href":"https:\/\/redelucymontoro.org.br\/site\/wp-json\/wp\/v2\/media?parent=513"}],"curies":[{"name":"wp","href":"https:\/\/api.w.org\/{rel}","templated":true}]}}

Workshop O bebê de risco: Avaliação e Intervenção

<p>A Rede Lucy Montoro recebe, no Instituto de Medicina Física e Reabilitação (IMREA) Vila Mariana, o Workshop &#8220;O bebê de risco &#8211; avaliação e intervenção&#8221; nos dias 21 e 22 de abril.</p>
<p><!--more--></p>
<p><img decoding="async" class=" size-full wp-image-512" src="https://redelucymontoro.org.br/site/wp-content/uploads/2017/02/unnamed-d06.jpg" alt="unnamed" /></p>
<p>A Rede Lucy Montoro recebe, no Instituto de Medicina Física e Reabilitação (IMREA) Vila Mariana, o Workshop &#8220;O bebê de risco &#8211; avaliação e intervenção&#8221; nos dias 21 e 22 de abril.</p>
<p>O objetivo do workshop é promover um entendimento de como os bebês se desenvolvem em relação aos contatos com seus pais, cuidadores e o meio ambiente utilizando o conceito e os princípios Neuroevolutivo – Bobath. Organizado pela Abradimene e pela Inclusão Eficiente São Paulo, o workshop contará com palestras das profissionais da Saúde Sakae Yokota (fisioterapeuta), Oacy Veronesi (terapeuta ocupacional) e Regina Donnamaria Morais (fonoaudióloga).</p>
<p><strong>Serviço:</strong><br />Workshop &#8220;O bebê de Risco: Avaliação e Intervenção&#8221;<br />Carga-horária: 16h<br />Investimento: R$ 960,00 para o público em geral ou R$ R$ 800,00 para funcionários da Rede Lucy Montoro<br />Público-alvo: Fisioterapeutas, terapeutas ocupacionais e fonoaudiólogos (as), devidamente inscritas em seus conselhos profissionais.<br />Certificação: Abradimene<br />Local: IMREA Vila Mariana<br />Endereço: Rua Diderot, nº43 (próximo ao metrô Chácara Klabin).<br />Inscrições: <a href="https://docs.google.com/a/hc.fm.usp.br/forms/d/e/1FAIpQLSdRPNMshq0ej5JBot7SWlzvX2i5_CsuF1dXxo51Fa6ykBgPLA/viewform">goo.gl/t5d3gf</a></p>
<p>Para mais informações, acesso o site a Inclusão Eficiente acessando este <a href="http://www.inclusaoeficiente.com.br/cursos.asp?lang=&amp;temp=5&amp;materia=179#materia179">link</a>.</p>
