{"id":451,"date":"2016-10-03T13:52:53","date_gmt":"2016-10-03T13:52:53","guid":{"rendered":"https:\/\/situati.net.br\/new\/encontro-internacional-de-reabilitacao-1-a-13-de-novembro\/"},"modified":"2024-04-14T21:21:04","modified_gmt":"2024-04-15T00:21:04","slug":"encontro-internacional-de-reabilitacao-1-a-13-de-novembro","status":"publish","type":"curso","link":"https:\/\/redelucymontoro.org.br\/site\/cursos\/encontro-internacional-de-reabilitacao-1-a-13-de-novembro\/","title":{"rendered":"Encontro Internacional de Reabilita\u00e7\u00e3o &#8211; 11 a 13 de novembro"},"content":{"rendered":"<p>Data: 11 a 13 de novembro<\/p>\n<p>Local: Centro de Conven\u00e7\u00f5es Rebou\u00e7as:<\/p>\n<p>Incri\u00e7\u00f5es e programa\u00e7\u00e3o: em breve<\/p>\n<p><!--more--><\/p>\n<p>Data: 11 a 13 de novembro<\/p>\n<p>Local: Centro de Conven\u00e7\u00f5es Rebou\u00e7as:<\/p>\n<p>Incri\u00e7\u00f5es e programa\u00e7\u00e3o: <a href=\"..\/encontrodereabilitacao\/\" target=\"_blank\" rel=\"noopener\">clique aqui<\/a>.<\/p>\n<p><img fetchpriority=\"high\" decoding=\"async\" src=\"images\/Imagens\/SavetheDate2.jpg\" alt=\"SavetheDate2\" width=\"620\" height=\"750\" \/><\/p>\n","protected":false},"featured_media":0,"template":"","class_list":["post-451","curso","type-curso","status-publish","hentry"],"acf":[],"_links":{"self":[{"href":"https:\/\/redelucymontoro.org.br\/site\/wp-json\/wp\/v2\/curso\/451","targetHints":{"allow":["GET"]}}],"collection":[{"href":"https:\/\/redelucymontoro.org.br\/site\/wp-json\/wp\/v2\/curso"}],"about":[{"href":"https:\/\/redelucymontoro.org.br\/site\/wp-json\/wp\/v2\/types\/curso"}],"wp:attachment":[{"href":"https:\/\/redelucymontoro.org.br\/site\/wp-json\/wp\/v2\/media?parent=451"}],"curies":[{"name":"wp","href":"https:\/\/api.w.org\/{rel}","templated":true}]}}

Encontro Internacional de Reabilitação &#8211; 11 a 13 de novembro

<p>Data: 11 a 13 de novembro</p>
<p>Local: Centro de Convenções Rebouças:</p>
<p>Incrições e programação: em breve</p>
<p><!--more--></p>
<p>Data: 11 a 13 de novembro</p>
<p>Local: Centro de Convenções Rebouças:</p>
<p>Incrições e programação: <a href="../encontrodereabilitacao/" target="_blank" rel="noopener">clique aqui</a>.</p>
<p><img fetchpriority="high" decoding="async" src="images/Imagens/SavetheDate2.jpg" alt="SavetheDate2" width="620" height="750" /></p>
