{"id":450,"date":"2016-10-03T12:22:33","date_gmt":"2016-10-03T12:22:33","guid":{"rendered":"https:\/\/situati.net.br\/new\/workshop-internacional-de-transtorno-do-deficit-de-atencao-com-hiperatividade-tdah-07-de-outubro\/"},"modified":"2024-04-14T21:21:04","modified_gmt":"2024-04-15T00:21:04","slug":"workshop-internacional-de-transtorno-do-deficit-de-atencao-com-hiperatividade-tdah-07-de-outubro","status":"publish","type":"curso","link":"https:\/\/redelucymontoro.org.br\/site\/cursos\/workshop-internacional-de-transtorno-do-deficit-de-atencao-com-hiperatividade-tdah-07-de-outubro\/","title":{"rendered":"Workshop Internacional de Transtorno do D\u00e9ficit de Aten\u00e7\u00e3o com Hiperatividade (TDAH) &#8211; 07 de outubro"},"content":{"rendered":"<p>Data: 07 de outubro<\/p>\n<p>Local: IMREA Vila Mariana (R. Domingo de Soto, 100 &#8211; pr\u00f3ximo a esta\u00e7\u00e3o Ch\u00e1cara Klabin, linha 2 verde do Metr\u00f4).<\/p>\n<p>Inscri\u00e7\u00f5es abertas: <a href=\"https:\/\/goo.gl\/U3wYlg\">https:\/\/goo.gl\/U3wYlg<\/a><\/p>\n<p>O evento tamb\u00e9m apresentar\u00e1 o uso do EEG (eletroencefalograma) como biomarcadores, um dos temas abordados nas pesquisas da Rede Lucy na capital, com o objetivo de identificar biomarcadores na reabilita\u00e7\u00e3o de pacientes com Les\u00e3o Medular, AVC e dor cr\u00f4nica, por exemplo. <\/p>\n<p>*Profissionais da Rede Lucy Montoro t\u00eam desconto especial na inscri\u00e7\u00e3o.<\/p>\n<p><!--more--><\/p>\n<p>Data: 07 de outubro<\/p>\n<p>Local: IMREA Vila Mariana (R. Domingo de Soto, 100 &#8211; pr\u00f3ximo a esta\u00e7\u00e3o Ch\u00e1cara Klabin, linha 2 verde do Metr\u00f4).<\/p>\n<p>Inscri\u00e7\u00f5es abertas:&nbsp;<a href=\"https:\/\/goo.gl\/U3wYlg\">https:\/\/goo.gl\/U3wYlg<\/a><\/p>\n<p>O evento tamb\u00e9m apresentar\u00e1 o uso do EEG (eletroencefalograma) como biomarcadores, um dos temas abordados nas pesquisas da Rede Lucy na capital, com o objetivo de identificar biomarcadores na reabilita\u00e7\u00e3o de pacientes com Les\u00e3o Medular, AVC e dor cr\u00f4nica, por exemplo.&nbsp;<\/p>\n<p>*Profissionais da Rede Lucy Montoro t\u00eam desconto especial na inscri\u00e7\u00e3o.<\/p>\n<p><img fetchpriority=\"high\" decoding=\"async\" class=\" size-full wp-image-449\" src=\"https:\/\/redelucymontoro.org.br\/site\/wp-content\/uploads\/2016\/10\/Workshop2-391.jpg\" alt=\"Workshop2\" width=\"574\" height=\"804\" \/><\/p>\n","protected":false},"featured_media":449,"template":"","class_list":["post-450","curso","type-curso","status-publish","has-post-thumbnail","hentry"],"acf":[],"_links":{"self":[{"href":"https:\/\/redelucymontoro.org.br\/site\/wp-json\/wp\/v2\/curso\/450","targetHints":{"allow":["GET"]}}],"collection":[{"href":"https:\/\/redelucymontoro.org.br\/site\/wp-json\/wp\/v2\/curso"}],"about":[{"href":"https:\/\/redelucymontoro.org.br\/site\/wp-json\/wp\/v2\/types\/curso"}],"wp:featuredmedia":[{"embeddable":true,"href":"https:\/\/redelucymontoro.org.br\/site\/wp-json\/wp\/v2\/media\/449"}],"wp:attachment":[{"href":"https:\/\/redelucymontoro.org.br\/site\/wp-json\/wp\/v2\/media?parent=450"}],"curies":[{"name":"wp","href":"https:\/\/api.w.org\/{rel}","templated":true}]}}

Workshop Internacional de Transtorno do Déficit de Atenção com Hiperatividade (TDAH) &#8211; 07 de outubro

<p>Data: 07 de outubro</p>
<p>Local: IMREA Vila Mariana (R. Domingo de Soto, 100 &#8211; próximo a estação Chácara Klabin, linha 2 verde do Metrô).</p>
<p>Inscrições abertas: <a href="https://goo.gl/U3wYlg">https://goo.gl/U3wYlg</a></p>
<p>O evento também apresentará o uso do EEG (eletroencefalograma) como biomarcadores, um dos temas abordados nas pesquisas da Rede Lucy na capital, com o objetivo de identificar biomarcadores na reabilitação de pacientes com Lesão Medular, AVC e dor crônica, por exemplo. </p>
<p>*Profissionais da Rede Lucy Montoro têm desconto especial na inscrição.</p>
<p><!--more--></p>
<p>Data: 07 de outubro</p>
<p>Local: IMREA Vila Mariana (R. Domingo de Soto, 100 &#8211; próximo a estação Chácara Klabin, linha 2 verde do Metrô).</p>
<p>Inscrições abertas:&nbsp;<a href="https://goo.gl/U3wYlg">https://goo.gl/U3wYlg</a></p>
<p>O evento também apresentará o uso do EEG (eletroencefalograma) como biomarcadores, um dos temas abordados nas pesquisas da Rede Lucy na capital, com o objetivo de identificar biomarcadores na reabilitação de pacientes com Lesão Medular, AVC e dor crônica, por exemplo.&nbsp;</p>
<p>*Profissionais da Rede Lucy Montoro têm desconto especial na inscrição.</p>
<p><img fetchpriority="high" decoding="async" class=" size-full wp-image-449" src="https://redelucymontoro.org.br/site/wp-content/uploads/2016/10/Workshop2-391.jpg" alt="Workshop2" width="574" height="804" /></p>
