{"id":422,"date":"2016-08-30T12:04:49","date_gmt":"2016-08-30T12:04:49","guid":{"rendered":"https:\/\/situati.net.br\/new\/curso-de-capacitacao-em-lesao-encefalica-inscricoes-ate-14-08\/"},"modified":"2024-04-14T21:21:04","modified_gmt":"2024-04-15T00:21:04","slug":"curso-de-capacitacao-em-lesao-encefalica-inscricoes-ate-14-08","status":"publish","type":"curso","link":"https:\/\/redelucymontoro.org.br\/site\/cursos\/curso-de-capacitacao-em-lesao-encefalica-inscricoes-ate-14-08\/","title":{"rendered":"Curso de Capacita\u00e7\u00e3o em Les\u00e3o Encef\u00e1lica &#8211; Inscri\u00e7\u00f5es at\u00e9 14\/09"},"content":{"rendered":"<p>Curso de Capacita\u00e7\u00e3o em Les\u00e3o Encef\u00e1lica<br \/>Vagas: 60<br \/>P\u00fablico: profissionais da sa\u00fade vinculados \u00e0 rede p\u00fablica de sa\u00fade (SUS)<br \/>Inscri\u00e7\u00f5es: at\u00e9 14 de setembro de 2016<br \/>In\u00edcio do curso: 20 de setembro (1\u00aa fase)<br \/>Aulas Presenciais: 19 e 26 de novembro de 2016 (2\u00b0 fase)<\/p>\n<p><!--more--><\/p>\n<p>Curso de Capacita\u00e7\u00e3o em Les\u00e3o Encef\u00e1lica<br \/>Vagas: 60<br \/>P\u00fablico: profissionais da sa\u00fade vinculados \u00e0 rede p\u00fablica de sa\u00fade (SUS)<br \/>Inscri\u00e7\u00f5es: at\u00e9 14 de setembro de 2016<br \/>In\u00edcio do curso: 20 de setembro (1\u00aa fase)<br \/>Aulas Presenciais: 19 e 26 de novembro de 2016 (2\u00b0 fase)<br \/>Mais informa\u00e7\u00f5es: ead@redelucymontoro.org.br<br \/>Leia a not\u00edcia completa <a href=\"https:\/\/redelucymontoro.org.br\/site\/profissionais-da-saude-podem-se-inscrever-gratuitamente-no-curso-de-capacitacao-em-lesao-encefalica\/\">aqui<\/a>.<\/p>\n<p><img decoding=\"async\" class=\" size-full wp-image-419\" src=\"https:\/\/redelucymontoro.org.br\/site\/wp-content\/uploads\/2016\/08\/Cartaz-Lesao-Encefalica_Externo-e59.png\" alt=\"Cartaz Les\u00e3o Encef\u00e1lica Externo\" \/><\/p>\n","protected":false},"featured_media":419,"template":"","class_list":["post-422","curso","type-curso","status-publish","has-post-thumbnail","hentry"],"acf":[],"_links":{"self":[{"href":"https:\/\/redelucymontoro.org.br\/site\/wp-json\/wp\/v2\/curso\/422","targetHints":{"allow":["GET"]}}],"collection":[{"href":"https:\/\/redelucymontoro.org.br\/site\/wp-json\/wp\/v2\/curso"}],"about":[{"href":"https:\/\/redelucymontoro.org.br\/site\/wp-json\/wp\/v2\/types\/curso"}],"wp:featuredmedia":[{"embeddable":true,"href":"https:\/\/redelucymontoro.org.br\/site\/wp-json\/wp\/v2\/media\/419"}],"wp:attachment":[{"href":"https:\/\/redelucymontoro.org.br\/site\/wp-json\/wp\/v2\/media?parent=422"}],"curies":[{"name":"wp","href":"https:\/\/api.w.org\/{rel}","templated":true}]}}

Curso de Capacitação em Lesão Encefálica &#8211; Inscrições até 14/09

<p>Curso de Capacitação em Lesão Encefálica<br />Vagas: 60<br />Público: profissionais da saúde vinculados à rede pública de saúde (SUS)<br />Inscrições: até 14 de setembro de 2016<br />Início do curso: 20 de setembro (1ª fase)<br />Aulas Presenciais: 19 e 26 de novembro de 2016 (2° fase)</p>
<p><!--more--></p>
<p>Curso de Capacitação em Lesão Encefálica<br />Vagas: 60<br />Público: profissionais da saúde vinculados à rede pública de saúde (SUS)<br />Inscrições: até 14 de setembro de 2016<br />Início do curso: 20 de setembro (1ª fase)<br />Aulas Presenciais: 19 e 26 de novembro de 2016 (2° fase)<br />Mais informações: ead@redelucymontoro.org.br<br />Leia a notícia completa <a href="https://redelucymontoro.org.br/site/profissionais-da-saude-podem-se-inscrever-gratuitamente-no-curso-de-capacitacao-em-lesao-encefalica/">aqui</a>.</p>
<p><img decoding="async" class=" size-full wp-image-419" src="https://redelucymontoro.org.br/site/wp-content/uploads/2016/08/Cartaz-Lesao-Encefalica_Externo-e59.png" alt="Cartaz Lesão Encefálica Externo" /></p>
