{"id":396,"date":"2016-11-04T16:36:00","date_gmt":"2016-11-04T16:36:00","guid":{"rendered":"https:\/\/situati.net.br\/new\/curso-de-anatomia-palpatoria-orientada-para-a-clinica-25-a-27-de-novembro\/"},"modified":"2024-04-14T21:21:04","modified_gmt":"2024-04-15T00:21:04","slug":"curso-de-anatomia-palpatoria-orientada-para-a-clinica-25-a-27-de-novembro","status":"publish","type":"curso","link":"https:\/\/redelucymontoro.org.br\/site\/cursos\/curso-de-anatomia-palpatoria-orientada-para-a-clinica-25-a-27-de-novembro\/","title":{"rendered":"CANCELADO &#8211; Curso de Anatomia Palpat\u00f3ria orientada para a cl\u00ednica &#8211; 25 a 27 de novembro"},"content":{"rendered":"<p>Por gentileza, aguardar a forma\u00e7\u00e3o de novas turmas.<\/p>\n<p><!--more--><\/p>\n<p>Por gentileza, aguardar a forma\u00e7\u00e3o de novas turmas.<br \/>P\u00fablico: Profissionais e Estudantes de Fisioterapia e Terapia Ocupacional<br \/>Informa\u00e7\u00f5es e Inscri\u00e7\u00f5es:&nbsp;<a href=\"mailto:cursos.imrea@hc.fm.usp.br\">cursos.imrea@hc.fm.usp.br<\/a>&nbsp;\/ 11 5180-7813<\/p>\n<p><img decoding=\"async\" src=\"images\/Imagens\/Curso_Anatomia_Palpat\u00f3ria_2.png\" alt=\"Curso Anatomia Palpat\u00f3ria 2\" \/><\/p>\n","protected":false},"featured_media":0,"template":"","class_list":["post-396","curso","type-curso","status-publish","hentry"],"acf":[],"_links":{"self":[{"href":"https:\/\/redelucymontoro.org.br\/site\/wp-json\/wp\/v2\/curso\/396","targetHints":{"allow":["GET"]}}],"collection":[{"href":"https:\/\/redelucymontoro.org.br\/site\/wp-json\/wp\/v2\/curso"}],"about":[{"href":"https:\/\/redelucymontoro.org.br\/site\/wp-json\/wp\/v2\/types\/curso"}],"wp:attachment":[{"href":"https:\/\/redelucymontoro.org.br\/site\/wp-json\/wp\/v2\/media?parent=396"}],"curies":[{"name":"wp","href":"https:\/\/api.w.org\/{rel}","templated":true}]}}

CANCELADO &#8211; Curso de Anatomia Palpatória orientada para a clínica &#8211; 25 a 27 de novembro

<p>Por gentileza, aguardar a formação de novas turmas.</p>
<p><!--more--></p>
<p>Por gentileza, aguardar a formação de novas turmas.<br />Público: Profissionais e Estudantes de Fisioterapia e Terapia Ocupacional<br />Informações e Inscrições:&nbsp;<a href="mailto:cursos.imrea@hc.fm.usp.br">cursos.imrea@hc.fm.usp.br</a>&nbsp;/ 11 5180-7813</p>
<p><img decoding="async" src="images/Imagens/Curso_Anatomia_Palpatória_2.png" alt="Curso Anatomia Palpatória 2" /></p>
