{"id":1809,"date":"2024-03-12T19:27:27","date_gmt":"2024-03-12T19:27:27","guid":{"rendered":"https:\/\/situati.net.br\/new\/xxv-congresso-brasileiro-de-fisioterapia-cobraf\/"},"modified":"2024-04-14T21:21:03","modified_gmt":"2024-04-15T00:21:03","slug":"xxv-congresso-brasileiro-de-fisioterapia-cobraf","status":"publish","type":"curso","link":"https:\/\/redelucymontoro.org.br\/site\/cursos\/xxv-congresso-brasileiro-de-fisioterapia-cobraf\/","title":{"rendered":"XXV Congresso Brasileiro de Fisioterapia &#8211; COBRAF"},"content":{"rendered":"<blockquote style=\"margin: 0px 0px 1.5em -24px; padding: 0px 0px 0px 24px; border-width: 0px 0px 0px 2px; outline: 0px; vertical-align: baseline; background: #fef9ee; color: #222222; font-family: Arial, Helvetica, sans-serif; font-size: small;\"><p>A inscri\u00e7\u00e3o no XXV COBRAF garantem ao participante acesso \u00e0s atividades da programa\u00e7\u00e3o cient\u00edfica do evento, acesso a \u00e1rea de exposi\u00e7\u00e3o, certificado de participa\u00e7\u00e3o e recebimento do material do participante.<\/p><\/blockquote>\n<blockquote style=\"margin: 0px 0px 1.5em -24px; padding: 0px 0px 0px 24px; border-width: 0px 0px 0px 2px; outline: 0px; vertical-align: baseline; background: #fef9ee; color: #222222; font-family: Arial, Helvetica, sans-serif; font-size: small;\"><p>N\u00e3o est\u00e1 incluso no valor da inscri\u00e7\u00e3o as despesas pessoais como hospedagens, passagens, refei\u00e7\u00f5es e deslocamentos ou quaisquer outra relacionadas a participa\u00e7\u00e3o do congressista.<\/p>\n<p>Toda e qualquer comunica\u00e7\u00e3o a ser feita com a organiza\u00e7\u00e3o do evento dever\u00e1 ser feita pelo e-mail oficial do congresso:&nbsp;<a href=\"mailto:cobraf@afb.org.br.\" style=\"color: #ff9900;\">cobraf@afb.org.br.<\/a>&nbsp;Sendo desconsideradas as mensagens feitas por qualquer outro canal de comunica\u00e7\u00e3o.<\/p><\/blockquote>\n<blockquote style=\"margin: 0px 0px 1.5em -24px; padding: 0px 0px 0px 24px; border-width: 0px 0px 0px 2px; outline: 0px; vertical-align: baseline; background: #fef9ee; color: #222222; font-family: Arial, Helvetica, sans-serif; font-size: small;\"><p>Informa\u00e7\u00f5es:&nbsp;<a href=\"https:\/\/cobraf.com.br\/\" style=\"color: #ff9900;\">XV COBRAF \u2013 Congresso de Fisioterapia<\/a><\/p><\/blockquote>\n","protected":false},"featured_media":0,"template":"","class_list":["post-1809","curso","type-curso","status-publish","hentry"],"acf":[],"_links":{"self":[{"href":"https:\/\/redelucymontoro.org.br\/site\/wp-json\/wp\/v2\/curso\/1809","targetHints":{"allow":["GET"]}}],"collection":[{"href":"https:\/\/redelucymontoro.org.br\/site\/wp-json\/wp\/v2\/curso"}],"about":[{"href":"https:\/\/redelucymontoro.org.br\/site\/wp-json\/wp\/v2\/types\/curso"}],"wp:attachment":[{"href":"https:\/\/redelucymontoro.org.br\/site\/wp-json\/wp\/v2\/media?parent=1809"}],"curies":[{"name":"wp","href":"https:\/\/api.w.org\/{rel}","templated":true}]}}

<blockquote style="margin: 0px 0px 1.5em -24px; padding: 0px 0px 0px 24px; border-width: 0px 0px 0px 2px; outline: 0px; vertical-align: baseline; background: #fef9ee; color: #222222; font-family: Arial, Helvetica, sans-serif; font-size: small;"><p>A inscrição no XXV COBRAF garantem ao participante acesso às atividades da programação científica do evento, acesso a área de exposição, certificado de participação e recebimento do material do participante.</p></blockquote>
<blockquote style="margin: 0px 0px 1.5em -24px; padding: 0px 0px 0px 24px; border-width: 0px 0px 0px 2px; outline: 0px; vertical-align: baseline; background: #fef9ee; color: #222222; font-family: Arial, Helvetica, sans-serif; font-size: small;"><p>Não está incluso no valor da inscrição as despesas pessoais como hospedagens, passagens, refeições e deslocamentos ou quaisquer outra relacionadas a participação do congressista.</p>
<p>Toda e qualquer comunicação a ser feita com a organização do evento deverá ser feita pelo e-mail oficial do congresso:&nbsp;<a href="mailto:cobraf@afb.org.br." style="color: #ff9900;">cobraf@afb.org.br.</a>&nbsp;Sendo desconsideradas as mensagens feitas por qualquer outro canal de comunicação.</p></blockquote>
<blockquote style="margin: 0px 0px 1.5em -24px; padding: 0px 0px 0px 24px; border-width: 0px 0px 0px 2px; outline: 0px; vertical-align: baseline; background: #fef9ee; color: #222222; font-family: Arial, Helvetica, sans-serif; font-size: small;"><p>Informações:&nbsp;<a href="https://cobraf.com.br/" style="color: #ff9900;">XV COBRAF – Congresso de Fisioterapia</a></p></blockquote>
