{"id":1743,"date":"2023-08-25T19:52:42","date_gmt":"2023-08-25T19:52:42","guid":{"rendered":"https:\/\/situati.net.br\/new\/ii-simposio-de-inovacao-e-neurociencia-translacional-xv-simposio-internacional-em-neuromodulacao\/"},"modified":"2024-04-14T21:21:03","modified_gmt":"2024-04-15T00:21:03","slug":"ii-simposio-de-inovacao-e-neurociencia-translacional-xv-simposio-internacional-em-neuromodulacao","status":"publish","type":"curso","link":"https:\/\/redelucymontoro.org.br\/site\/cursos\/ii-simposio-de-inovacao-e-neurociencia-translacional-xv-simposio-internacional-em-neuromodulacao\/","title":{"rendered":"II SIMP\u00d3SIO DE INOVA\u00c7\u00c3O E NEUROCI\u00caNCIA TRANSLACIONAL &#038; XV SIMP\u00d3SIO INTERNACIONAL EM NEUROMODULA\u00c7\u00c3O"},"content":{"rendered":"<div style=\"text-align: center;\"><img fetchpriority=\"high\" decoding=\"async\" class=\" size-full wp-image-1742\" src=\"https:\/\/redelucymontoro.org.br\/site\/wp-content\/uploads\/2023\/08\/Banner_Digital_e_Informativo_Simpsio-1d0.png\" alt=\"\" width=\"643\" height=\"643\" \/><\/div>\n<div style=\"text-align: center;\">&nbsp;<\/div>\n<div style=\"text-align: center;\"><span style=\"font-size: 12pt;\"><strong>Para inscri\u00e7\u00e3o e mais informa\u00e7\u00f5es acesse o link abaixo:<\/strong><\/span><\/div>\n<div style=\"text-align: center;\"><span style=\"font-size: 12pt;\"><strong><a href=\"https:\/\/bit.ly\/simp\u00f3sioneuro\">https:\/\/bit.ly\/simp\u00f3sioneuro<\/a><\/strong><\/span><\/div>\n<p>&nbsp;<\/p>\n<p>&nbsp;<\/p>\n<p>&nbsp;<\/p>\n","protected":false},"featured_media":1742,"template":"","class_list":["post-1743","curso","type-curso","status-publish","has-post-thumbnail","hentry"],"acf":[],"_links":{"self":[{"href":"https:\/\/redelucymontoro.org.br\/site\/wp-json\/wp\/v2\/curso\/1743","targetHints":{"allow":["GET"]}}],"collection":[{"href":"https:\/\/redelucymontoro.org.br\/site\/wp-json\/wp\/v2\/curso"}],"about":[{"href":"https:\/\/redelucymontoro.org.br\/site\/wp-json\/wp\/v2\/types\/curso"}],"wp:featuredmedia":[{"embeddable":true,"href":"https:\/\/redelucymontoro.org.br\/site\/wp-json\/wp\/v2\/media\/1742"}],"wp:attachment":[{"href":"https:\/\/redelucymontoro.org.br\/site\/wp-json\/wp\/v2\/media?parent=1743"}],"curies":[{"name":"wp","href":"https:\/\/api.w.org\/{rel}","templated":true}]}}

II SIMPÓSIO DE INOVAÇÃO E NEUROCIÊNCIA TRANSLACIONAL &#038; XV SIMPÓSIO INTERNACIONAL EM NEUROMODULAÇÃO

<div style="text-align: center;"><img fetchpriority="high" decoding="async" class=" size-full wp-image-1742" src="https://redelucymontoro.org.br/site/wp-content/uploads/2023/08/Banner_Digital_e_Informativo_Simpsio-1d0.png" alt="" width="643" height="643" /></div>
<div style="text-align: center;">&nbsp;</div>
<div style="text-align: center;"><span style="font-size: 12pt;"><strong>Para inscrição e mais informações acesse o link abaixo:</strong></span></div>
<div style="text-align: center;"><span style="font-size: 12pt;"><strong><a href="https://bit.ly/simpósioneuro">https://bit.ly/simpósioneuro</a></strong></span></div>
<p>&nbsp;</p>
<p>&nbsp;</p>
<p>&nbsp;</p>
