{"id":1126,"date":"2019-08-06T19:47:06","date_gmt":"2019-08-06T19:47:06","guid":{"rendered":"https:\/\/situati.net.br\/new\/simposio-de-nutricao-confira-a-edicao-de-2019-inscricoes-abertas\/"},"modified":"2024-04-14T21:21:03","modified_gmt":"2024-04-15T00:21:03","slug":"simposio-de-nutricao-confira-a-edicao-de-2019-inscricoes-abertas","status":"publish","type":"curso","link":"https:\/\/redelucymontoro.org.br\/site\/cursos\/simposio-de-nutricao-confira-a-edicao-de-2019-inscricoes-abertas\/","title":{"rendered":"Simp\u00f3sio de Nutri\u00e7\u00e3o: Confira a edi\u00e7\u00e3o de 2019 &#8211; CANCELADO"},"content":{"rendered":"<p>ATEN\u00c7\u00c3O! SIMP\u00d3SIO CANCELADO<\/p>\n<p>IV Simp\u00f3sio de Nutri\u00e7\u00e3o na Reabilita\u00e7\u00e3o<\/p>\n<p>Tema: Atua\u00e7\u00e3o do nutricionista na reabilita\u00e7\u00e3o de pessoas amputadas<br \/>P\u00fablico: estudantes de Nutri\u00e7\u00e3o e nutricionistas<br \/>Data: 26 de outubro<br \/>Hor\u00e1rio: 8 \u00e0s 17 horas<br \/>Local: IMREA Vila Mariana<br \/>Endere\u00e7o: Rua Domingo de Soto, 100, Ch\u00e1cara Klabin, S\u00e3o Paulo, SP<br \/>Informa\u00e7\u00f5es e inscri\u00e7\u00f5es: <a href=\"mailto:cursos.imrea@hc.fm.usp.br\">cursos.imrea@hc.fm.usp.br<\/a> ou 011 5180-7813<\/p>\n<p><iframe src=\"https:\/\/drive.google.com\/file\/d\/1RYNu09WGW_lCfbo5R1tqp0VMHx1h8kGO\/preview\" width=\"640\" height=\"480\"><\/iframe><\/p>\n","protected":false},"featured_media":0,"template":"","class_list":["post-1126","curso","type-curso","status-publish","hentry"],"acf":[],"_links":{"self":[{"href":"https:\/\/redelucymontoro.org.br\/site\/wp-json\/wp\/v2\/curso\/1126","targetHints":{"allow":["GET"]}}],"collection":[{"href":"https:\/\/redelucymontoro.org.br\/site\/wp-json\/wp\/v2\/curso"}],"about":[{"href":"https:\/\/redelucymontoro.org.br\/site\/wp-json\/wp\/v2\/types\/curso"}],"wp:attachment":[{"href":"https:\/\/redelucymontoro.org.br\/site\/wp-json\/wp\/v2\/media?parent=1126"}],"curies":[{"name":"wp","href":"https:\/\/api.w.org\/{rel}","templated":true}]}}

Simpósio de Nutrição: Confira a edição de 2019 &#8211; CANCELADO

<p>ATENÇÃO! SIMPÓSIO CANCELADO</p>
<p>IV Simpósio de Nutrição na Reabilitação</p>
<p>Tema: Atuação do nutricionista na reabilitação de pessoas amputadas<br />Público: estudantes de Nutrição e nutricionistas<br />Data: 26 de outubro<br />Horário: 8 às 17 horas<br />Local: IMREA Vila Mariana<br />Endereço: Rua Domingo de Soto, 100, Chácara Klabin, São Paulo, SP<br />Informações e inscrições: <a href="mailto:cursos.imrea@hc.fm.usp.br">cursos.imrea@hc.fm.usp.br</a> ou 011 5180-7813</p>
<p><iframe src="https://drive.google.com/file/d/1RYNu09WGW_lCfbo5R1tqp0VMHx1h8kGO/preview" width="640" height="480"></iframe></p>
