{"id":1104,"date":"2019-07-19T13:50:28","date_gmt":"2019-07-19T13:50:28","guid":{"rendered":"https:\/\/situati.net.br\/new\/curso-teorico-pratico-intervencao-da-dor-no-joelho\/"},"modified":"2024-04-14T21:21:03","modified_gmt":"2024-04-15T00:21:03","slug":"curso-teorico-pratico-intervencao-da-dor-no-joelho","status":"publish","type":"curso","link":"https:\/\/redelucymontoro.org.br\/site\/cursos\/curso-teorico-pratico-intervencao-da-dor-no-joelho\/","title":{"rendered":"Curso Te\u00f3rico Pr\u00e1tico: Interven\u00e7\u00e3o da Dor no Joelho"},"content":{"rendered":"<p><em><span style=\"color: #222222; font-family: Arial, Helvetica, sans-serif; font-size: small;\">02 de agosto (sexta-feira), das 14h \u00e0s 18h<\/span><\/em><\/p>\n<p>&nbsp;&nbsp;<\/p>\n<p><iframe src=\"https:\/\/drive.google.com\/file\/d\/1R8HaBQwHxbmBuCco5buT-1EcjqKbTBJt\/preview\" width=\"640\" height=\"480\"><\/iframe><\/p>\n","protected":false},"featured_media":0,"template":"","class_list":["post-1104","curso","type-curso","status-publish","hentry"],"acf":[],"_links":{"self":[{"href":"https:\/\/redelucymontoro.org.br\/site\/wp-json\/wp\/v2\/curso\/1104","targetHints":{"allow":["GET"]}}],"collection":[{"href":"https:\/\/redelucymontoro.org.br\/site\/wp-json\/wp\/v2\/curso"}],"about":[{"href":"https:\/\/redelucymontoro.org.br\/site\/wp-json\/wp\/v2\/types\/curso"}],"wp:attachment":[{"href":"https:\/\/redelucymontoro.org.br\/site\/wp-json\/wp\/v2\/media?parent=1104"}],"curies":[{"name":"wp","href":"https:\/\/api.w.org\/{rel}","templated":true}]}}

Curso Teórico Prático: Intervenção da Dor no Joelho

<p><em><span style="color: #222222; font-family: Arial, Helvetica, sans-serif; font-size: small;">02 de agosto (sexta-feira), das 14h às 18h</span></em></p>
<p>&nbsp;&nbsp;</p>
<p><iframe src="https://drive.google.com/file/d/1R8HaBQwHxbmBuCco5buT-1EcjqKbTBJt/preview" width="640" height="480"></iframe></p>
